{"id":2194,"date":"2023-01-30T13:38:54","date_gmt":"2023-01-30T13:38:54","guid":{"rendered":"https:\/\/maabmakeup.es\/?post_type=product&#038;p=2194"},"modified":"2025-12-03T11:38:40","modified_gmt":"2025-12-03T10:38:40","slug":"infiniti-original-5ml","status":"publish","type":"product","link":"https:\/\/maabmakeup.com\/inicio-2\/tienda\/esmaltes\/infiniti\/infiniti-original-5ml\/","title":{"rendered":"INFINITI ORIGINAL-5ML"},"content":{"rendered":"<p><span style=\"color: #000000\"><span style=\"font-family: Montserrat, sans-serif\"><span style=\"font-size: small\">Los\u00c2\u00a0Gel Lack\u00c2\u00a0INFINITY crean un efecto c\u00f3smico \u00fanico y son f\u00e1ciles de aplicar, con estos\u00c2\u00a0esmaltes semipermanentes\u00c2\u00a0es posible hacer dos bandas magn\u00e9ticas a la vez y obtener una imagen inolvidable.\u00c2\u00a0Los Gel Lack INFINITI se pueden utilizar como un revestimiento \u00fanico\u00c2\u00a0o\u00c2\u00a0para crear un dise\u00f1o.\u00c2\u00a0LosGel Lack\u00c2\u00a0INFINITI se secan bien y tienen capa de dispersi\u00f3n.\u00c2\u00a0Al aplicar los esmaltes en gel INFINITI en lugares densos y oscuros, es posible obtener el efecto de una vidriera de acuario.<\/span><\/span><\/span><\/p>\n","protected":false},"excerpt":{"rendered":"<p>Los\u00c2\u00a0Gel Lack\u00c2\u00a0INFINITY crean un efecto c\u00f3smico \u00fanico y son f\u00e1ciles de aplicar, con estos\u00c2\u00a0esmaltes semipermanentes\u00c2\u00a0es posible hacer dos bandas magn\u00e9ticas<\/p>\n","protected":false},"featured_media":2207,"comment_status":"open","ping_status":"closed","template":"","meta":[],"product_brand":[208],"product_cat":[123,61,176],"product_tag":[],"class_list":{"0":"post-2194","1":"product","2":"type-product","3":"status-publish","4":"has-post-thumbnail","6":"product_brand-nika-nagel","7":"product_cat-esmaltes","8":"product_cat-infiniti","9":"product_cat-ofertas","11":"first","12":"outofstock","13":"sale","14":"purchasable","15":"product-type-simple"},"_links":{"self":[{"href":"https:\/\/maabmakeup.com\/inicio-2\/wp-json\/wp\/v2\/product\/2194","targetHints":{"allow":["GET"]}}],"collection":[{"href":"https:\/\/maabmakeup.com\/inicio-2\/wp-json\/wp\/v2\/product"}],"about":[{"href":"https:\/\/maabmakeup.com\/inicio-2\/wp-json\/wp\/v2\/types\/product"}],"replies":[{"embeddable":true,"href":"https:\/\/maabmakeup.com\/inicio-2\/wp-json\/wp\/v2\/comments?post=2194"}],"wp:featuredmedia":[{"embeddable":true,"href":"https:\/\/maabmakeup.com\/inicio-2\/wp-json\/wp\/v2\/media\/2207"}],"wp:attachment":[{"href":"https:\/\/maabmakeup.com\/inicio-2\/wp-json\/wp\/v2\/media?parent=2194"}],"wp:term":[{"taxonomy":"product_brand","embeddable":true,"href":"https:\/\/maabmakeup.com\/inicio-2\/wp-json\/wp\/v2\/product_brand?post=2194"},{"taxonomy":"product_cat","embeddable":true,"href":"https:\/\/maabmakeup.com\/inicio-2\/wp-json\/wp\/v2\/product_cat?post=2194"},{"taxonomy":"product_tag","embeddable":true,"href":"https:\/\/maabmakeup.com\/inicio-2\/wp-json\/wp\/v2\/product_tag?post=2194"}],"curies":[{"name":"wp","href":"https:\/\/api.w.org\/{rel}","templated":true}]}}