{"id":2710,"date":"2023-07-03T17:18:19","date_gmt":"2023-07-03T15:18:19","guid":{"rendered":"https:\/\/maabmakeup.es\/?post_type=product&#038;p=2710"},"modified":"2025-11-21T10:24:15","modified_gmt":"2025-11-21T09:24:15","slug":"builder-base-02-ib-nails-15ml-rosa-claro","status":"publish","type":"product","link":"https:\/\/maabmakeup.com\/inicio-2\/tienda\/base\/rigida\/builder-base-02-ib-nails-15ml-rosa-claro\/","title":{"rendered":"Builder Base 02 IB Nails &#8211; 15ml (Rosa Claro)"},"content":{"rendered":"<p>Rosa claro.<\/p>\n<p>Densidad media.<\/p>\n<p>Para alargar y reforzar la u\u00f1a natural.<\/p>\n<p>El recubrimiento \u00abBuilder Base\u00bb se cre\u00f3 espec\u00edficamente para nivelar la placa de la u\u00f1a y moldear el borde libre, as\u00ed como para fortalecer las u\u00f1as naturales de longitud extrema. \u00abBuilder Base\u00bb se autonivela perfectamente en la placa de la u\u00f1a y no causa dificultades de uso, es perfecto tanto para profesionales como para principiantes en el servicio de u\u00f1as.<\/p>\n","protected":false},"excerpt":{"rendered":"<p>Rosa claro. Densidad media. Para alargar y reforzar la u\u00f1a natural. El recubrimiento \u00abBuilder Base\u00bb se cre\u00f3 espec\u00edficamente para nivelar<\/p>\n","protected":false},"featured_media":2711,"comment_status":"open","ping_status":"closed","template":"","meta":[],"product_brand":[186],"product_cat":[36,235],"product_tag":[],"class_list":{"0":"post-2710","1":"product","2":"type-product","3":"status-publish","4":"has-post-thumbnail","6":"product_brand-illusion-beauty","7":"product_cat-base","8":"product_cat-rigida","10":"first","11":"outofstock","12":"purchasable","13":"product-type-simple"},"_links":{"self":[{"href":"https:\/\/maabmakeup.com\/inicio-2\/wp-json\/wp\/v2\/product\/2710","targetHints":{"allow":["GET"]}}],"collection":[{"href":"https:\/\/maabmakeup.com\/inicio-2\/wp-json\/wp\/v2\/product"}],"about":[{"href":"https:\/\/maabmakeup.com\/inicio-2\/wp-json\/wp\/v2\/types\/product"}],"replies":[{"embeddable":true,"href":"https:\/\/maabmakeup.com\/inicio-2\/wp-json\/wp\/v2\/comments?post=2710"}],"wp:featuredmedia":[{"embeddable":true,"href":"https:\/\/maabmakeup.com\/inicio-2\/wp-json\/wp\/v2\/media\/2711"}],"wp:attachment":[{"href":"https:\/\/maabmakeup.com\/inicio-2\/wp-json\/wp\/v2\/media?parent=2710"}],"wp:term":[{"taxonomy":"product_brand","embeddable":true,"href":"https:\/\/maabmakeup.com\/inicio-2\/wp-json\/wp\/v2\/product_brand?post=2710"},{"taxonomy":"product_cat","embeddable":true,"href":"https:\/\/maabmakeup.com\/inicio-2\/wp-json\/wp\/v2\/product_cat?post=2710"},{"taxonomy":"product_tag","embeddable":true,"href":"https:\/\/maabmakeup.com\/inicio-2\/wp-json\/wp\/v2\/product_tag?post=2710"}],"curies":[{"name":"wp","href":"https:\/\/api.w.org\/{rel}","templated":true}]}}