{"id":4015,"date":"2024-02-03T13:18:28","date_gmt":"2024-02-03T12:18:28","guid":{"rendered":"https:\/\/maabmakeup.es\/?post_type=product&#038;p=4015"},"modified":"2025-08-03T12:02:52","modified_gmt":"2025-08-03T10:02:52","slug":"gel-lack-disco-party-6-7ml","status":"publish","type":"product","link":"https:\/\/maabmakeup.com\/inicio-2\/tienda\/esmaltes\/disco-party\/gel-lack-disco-party-6-7ml\/","title":{"rendered":"Gel Lack DISCO PARTY 6 \u2013 7ml"},"content":{"rendered":"<p>Los gel lack Disco Party son una combinaci\u00f3n de destellos brillantes sobre una base de color que har\u00e1n de cada manicura una verdadera obra de arte. La brillante cubierta decorativa no pasara desapercibida de tu atenci\u00f3n y de la de los dem\u00e1s al exponerla a la luz de d\u00eda.<\/p>\n","protected":false},"excerpt":{"rendered":"<p>Los gel lack Disco Party son una combinaci\u00f3n de destellos brillantes sobre una base de color que har\u00e1n de cada<\/p>\n","protected":false},"featured_media":4016,"comment_status":"open","ping_status":"closed","template":"","meta":[],"product_brand":[208],"product_cat":[162,123,176],"product_tag":[],"class_list":{"0":"post-4015","1":"product","2":"type-product","3":"status-publish","4":"has-post-thumbnail","6":"product_brand-nika-nagel","7":"product_cat-disco-party","8":"product_cat-esmaltes","9":"product_cat-ofertas","11":"first","12":"instock","13":"sale","14":"purchasable","15":"product-type-simple"},"_links":{"self":[{"href":"https:\/\/maabmakeup.com\/inicio-2\/wp-json\/wp\/v2\/product\/4015","targetHints":{"allow":["GET"]}}],"collection":[{"href":"https:\/\/maabmakeup.com\/inicio-2\/wp-json\/wp\/v2\/product"}],"about":[{"href":"https:\/\/maabmakeup.com\/inicio-2\/wp-json\/wp\/v2\/types\/product"}],"replies":[{"embeddable":true,"href":"https:\/\/maabmakeup.com\/inicio-2\/wp-json\/wp\/v2\/comments?post=4015"}],"wp:featuredmedia":[{"embeddable":true,"href":"https:\/\/maabmakeup.com\/inicio-2\/wp-json\/wp\/v2\/media\/4016"}],"wp:attachment":[{"href":"https:\/\/maabmakeup.com\/inicio-2\/wp-json\/wp\/v2\/media?parent=4015"}],"wp:term":[{"taxonomy":"product_brand","embeddable":true,"href":"https:\/\/maabmakeup.com\/inicio-2\/wp-json\/wp\/v2\/product_brand?post=4015"},{"taxonomy":"product_cat","embeddable":true,"href":"https:\/\/maabmakeup.com\/inicio-2\/wp-json\/wp\/v2\/product_cat?post=4015"},{"taxonomy":"product_tag","embeddable":true,"href":"https:\/\/maabmakeup.com\/inicio-2\/wp-json\/wp\/v2\/product_tag?post=4015"}],"curies":[{"name":"wp","href":"https:\/\/api.w.org\/{rel}","templated":true}]}}