{"id":4212,"date":"2024-03-30T12:13:04","date_gmt":"2024-03-30T11:13:04","guid":{"rendered":"https:\/\/maabmakeup.es\/?post_type=product&#038;p=4212"},"modified":"2025-04-07T10:51:50","modified_gmt":"2025-04-07T08:51:50","slug":"esterilizador-de-calor-seco-horno-microstop-optimal-5-bolsas","status":"publish","type":"product","link":"https:\/\/maabmakeup.com\/inicio-2\/tienda\/aparatologia-maquinaria\/esterilizador-de-calor-seco-horno-microstop-optimal-5-bolsas\/","title":{"rendered":"ESTERILIZADOR DE CALOR SECO, HORNO MICROSTOP OPTIMAL (5 BOLSAS)"},"content":{"rendered":"<p>El esterilizador de calor seco a alta temperatura,  Microstop Optimal es un pr\u00e1ctico esterilizador para salones de tama\u00f1o medio.<\/p>\n<p>Es adecuado tanto para salones como para t\u00e9cnicos de u\u00f1as privados, as\u00ed como para tatuadores, cej\u00f3logos ycosmetologos.<\/p>\n<p>Puede esterilizar al mismo tiempo 3 juegos de instrumentos sin bolsas kraft o 5 bolsas kraft con instrumentos colocados verticalmente en la c\u00e1mara de esterilizaci\u00f3n.<\/p>\n<p>Tiene control autom\u00e1tico.<\/p>\n<p>La pantalla digital de este esterilizador muestra claramente la temperatura y el tiempo de esterilizaci\u00f3n.<\/p>\n","protected":false},"excerpt":{"rendered":"<p>El esterilizador de calor seco a alta temperatura, Microstop Optimal es un pr\u00e1ctico esterilizador para salones de tama\u00f1o medio. Es<\/p>\n","protected":false},"featured_media":4213,"comment_status":"open","ping_status":"closed","template":"","meta":[],"product_brand":[],"product_cat":[169],"product_tag":[],"class_list":{"0":"post-4212","1":"product","2":"type-product","3":"status-publish","4":"has-post-thumbnail","6":"product_cat-aparatologia-maquinaria","8":"first","9":"outofstock","10":"purchasable","11":"product-type-simple"},"_links":{"self":[{"href":"https:\/\/maabmakeup.com\/inicio-2\/wp-json\/wp\/v2\/product\/4212","targetHints":{"allow":["GET"]}}],"collection":[{"href":"https:\/\/maabmakeup.com\/inicio-2\/wp-json\/wp\/v2\/product"}],"about":[{"href":"https:\/\/maabmakeup.com\/inicio-2\/wp-json\/wp\/v2\/types\/product"}],"replies":[{"embeddable":true,"href":"https:\/\/maabmakeup.com\/inicio-2\/wp-json\/wp\/v2\/comments?post=4212"}],"wp:featuredmedia":[{"embeddable":true,"href":"https:\/\/maabmakeup.com\/inicio-2\/wp-json\/wp\/v2\/media\/4213"}],"wp:attachment":[{"href":"https:\/\/maabmakeup.com\/inicio-2\/wp-json\/wp\/v2\/media?parent=4212"}],"wp:term":[{"taxonomy":"product_brand","embeddable":true,"href":"https:\/\/maabmakeup.com\/inicio-2\/wp-json\/wp\/v2\/product_brand?post=4212"},{"taxonomy":"product_cat","embeddable":true,"href":"https:\/\/maabmakeup.com\/inicio-2\/wp-json\/wp\/v2\/product_cat?post=4212"},{"taxonomy":"product_tag","embeddable":true,"href":"https:\/\/maabmakeup.com\/inicio-2\/wp-json\/wp\/v2\/product_tag?post=4212"}],"curies":[{"name":"wp","href":"https:\/\/api.w.org\/{rel}","templated":true}]}}