{"id":485,"date":"2022-08-29T16:36:44","date_gmt":"2022-08-29T16:36:44","guid":{"rendered":"https:\/\/maabmakeup.es\/?post_type=product&#038;p=485"},"modified":"2026-01-13T19:33:20","modified_gmt":"2026-01-13T18:33:20","slug":"aguja-para-aerografo","status":"publish","type":"product","link":"https:\/\/maabmakeup.com\/inicio-2\/tienda\/accesorios\/accesorios-termish\/aguja-para-aerografo\/","title":{"rendered":"AGUJA PARA AER\u00d3GRAFO"},"content":{"rendered":"<p>Di\u00e1metro de aguja 0.2 mm, longitud 130 mm. Apto para aer\u00f3grafo PCS-1 y PM-2<\/p>\n","protected":false},"excerpt":{"rendered":"<p>Di\u00e1metro de aguja 0.2 mm, longitud 130 mm. Apto para aer\u00f3grafo PCS-1 y PM-2<\/p>\n","protected":false},"featured_media":486,"comment_status":"open","ping_status":"closed","template":"","meta":[],"product_brand":[219],"product_cat":[107,32,129],"product_tag":[],"class_list":{"0":"post-485","1":"product","2":"type-product","3":"status-publish","4":"has-post-thumbnail","6":"product_brand-termish","7":"product_cat-accesorios","8":"product_cat-accesorios-termish","9":"product_cat-aerografia","11":"first","12":"instock","13":"purchasable","14":"product-type-simple"},"_links":{"self":[{"href":"https:\/\/maabmakeup.com\/inicio-2\/wp-json\/wp\/v2\/product\/485","targetHints":{"allow":["GET"]}}],"collection":[{"href":"https:\/\/maabmakeup.com\/inicio-2\/wp-json\/wp\/v2\/product"}],"about":[{"href":"https:\/\/maabmakeup.com\/inicio-2\/wp-json\/wp\/v2\/types\/product"}],"replies":[{"embeddable":true,"href":"https:\/\/maabmakeup.com\/inicio-2\/wp-json\/wp\/v2\/comments?post=485"}],"wp:featuredmedia":[{"embeddable":true,"href":"https:\/\/maabmakeup.com\/inicio-2\/wp-json\/wp\/v2\/media\/486"}],"wp:attachment":[{"href":"https:\/\/maabmakeup.com\/inicio-2\/wp-json\/wp\/v2\/media?parent=485"}],"wp:term":[{"taxonomy":"product_brand","embeddable":true,"href":"https:\/\/maabmakeup.com\/inicio-2\/wp-json\/wp\/v2\/product_brand?post=485"},{"taxonomy":"product_cat","embeddable":true,"href":"https:\/\/maabmakeup.com\/inicio-2\/wp-json\/wp\/v2\/product_cat?post=485"},{"taxonomy":"product_tag","embeddable":true,"href":"https:\/\/maabmakeup.com\/inicio-2\/wp-json\/wp\/v2\/product_tag?post=485"}],"curies":[{"name":"wp","href":"https:\/\/api.w.org\/{rel}","templated":true}]}}