{"id":4868,"date":"2024-05-23T17:49:35","date_gmt":"2024-05-23T15:49:35","guid":{"rendered":"https:\/\/maabmakeup.es\/?post_type=product&#038;p=4868"},"modified":"2026-01-30T18:55:17","modified_gmt":"2026-01-30T17:55:17","slug":"led-uv-lampara-sun-2c-original-48w-blanco-con-almohadillas-de-goma","status":"publish","type":"product","link":"https:\/\/maabmakeup.com\/inicio-2\/tienda\/aparatologia-maquinaria\/lampara-led-uv\/led-uv-lampara-sun-2c-original-48w-blanco-con-almohadillas-de-goma\/","title":{"rendered":"LED\/UV L\u00c1MPARA SUN 2C ORIGINAL, 48W, BLANCO CON ALMOHADILLAS DE GOMA"},"content":{"rendered":"<p>L\u00c1MPARA LED UV DE NUEVA GENERACION PARA SECADO DE ESMALTES PERMANENTES, U\u00d1AS DE GEL, ACRYGEL.<\/p>\n","protected":false},"excerpt":{"rendered":"<p>L\u00c1MPARA LED UV DE NUEVA GENERACION PARA SECADO DE ESMALTES PERMANENTES, U\u00d1AS DE GEL, ACRYGEL.<\/p>\n","protected":false},"featured_media":4869,"comment_status":"open","ping_status":"closed","template":"","meta":[],"product_brand":[213],"product_cat":[169,151],"product_tag":[],"class_list":{"0":"post-4868","1":"product","2":"type-product","3":"status-publish","4":"has-post-thumbnail","6":"product_brand-maabmakeup","7":"product_cat-aparatologia-maquinaria","8":"product_cat-lampara-led-uv","10":"first","11":"instock","12":"purchasable","13":"product-type-simple"},"_links":{"self":[{"href":"https:\/\/maabmakeup.com\/inicio-2\/wp-json\/wp\/v2\/product\/4868","targetHints":{"allow":["GET"]}}],"collection":[{"href":"https:\/\/maabmakeup.com\/inicio-2\/wp-json\/wp\/v2\/product"}],"about":[{"href":"https:\/\/maabmakeup.com\/inicio-2\/wp-json\/wp\/v2\/types\/product"}],"replies":[{"embeddable":true,"href":"https:\/\/maabmakeup.com\/inicio-2\/wp-json\/wp\/v2\/comments?post=4868"}],"wp:featuredmedia":[{"embeddable":true,"href":"https:\/\/maabmakeup.com\/inicio-2\/wp-json\/wp\/v2\/media\/4869"}],"wp:attachment":[{"href":"https:\/\/maabmakeup.com\/inicio-2\/wp-json\/wp\/v2\/media?parent=4868"}],"wp:term":[{"taxonomy":"product_brand","embeddable":true,"href":"https:\/\/maabmakeup.com\/inicio-2\/wp-json\/wp\/v2\/product_brand?post=4868"},{"taxonomy":"product_cat","embeddable":true,"href":"https:\/\/maabmakeup.com\/inicio-2\/wp-json\/wp\/v2\/product_cat?post=4868"},{"taxonomy":"product_tag","embeddable":true,"href":"https:\/\/maabmakeup.com\/inicio-2\/wp-json\/wp\/v2\/product_tag?post=4868"}],"curies":[{"name":"wp","href":"https:\/\/api.w.org\/{rel}","templated":true}]}}