{"id":5167,"date":"2024-07-09T14:36:45","date_gmt":"2024-07-09T12:36:45","guid":{"rendered":"https:\/\/maabmakeup.es\/?post_type=product&#038;p=5167"},"modified":"2025-08-08T13:47:30","modified_gmt":"2025-08-08T11:47:30","slug":"spray-baby-boomer-en-polvo-ib-15-plata-airbrush","status":"publish","type":"product","link":"https:\/\/maabmakeup.com\/inicio-2\/tienda\/decoracion\/spray-baby-boomer-en-polvo-ib-15-plata-airbrush\/","title":{"rendered":"SPRAY BABY BOOMER EN POLVO IB 15 (PLATA) AIRBRUSH"},"content":{"rendered":"<p>Spray en polvo que simula al aer\u00f3grafo, queda el efecto baby boomer.<\/p>\n<p>Cubra tu u\u00f1as con el esmalte semipermanente y sin curar en la l\u00e1mpara, aplica el polvo del spray baby boomer para hacer el degradado. Si quieres m\u00e1ss intensidad de color aplica m\u00e1s polco degradado para intensificar el color.<\/p>\n<p>Perfecto efecto Ombr\u00e9 para decoraci\u00f3n de u\u00f1as.<\/p>\n<p>Si no tienes aer\u00f3grafo de u\u00f1as, \u00e9sta es la mejor opci\u00f3n.<\/p>\n<p>5gr<\/p>\n","protected":false},"excerpt":{"rendered":"<p>Spray en polvo que simula al aer\u00f3grafo, queda el efecto baby boomer. Cubra tu u\u00f1as con el esmalte semipermanente y<\/p>\n","protected":false},"featured_media":5168,"comment_status":"open","ping_status":"closed","template":"","meta":[],"product_brand":[186],"product_cat":[84],"product_tag":[],"class_list":{"0":"post-5167","1":"product","2":"type-product","3":"status-publish","4":"has-post-thumbnail","6":"product_brand-illusion-beauty","7":"product_cat-decoracion","9":"first","10":"instock","11":"purchasable","12":"product-type-simple"},"_links":{"self":[{"href":"https:\/\/maabmakeup.com\/inicio-2\/wp-json\/wp\/v2\/product\/5167","targetHints":{"allow":["GET"]}}],"collection":[{"href":"https:\/\/maabmakeup.com\/inicio-2\/wp-json\/wp\/v2\/product"}],"about":[{"href":"https:\/\/maabmakeup.com\/inicio-2\/wp-json\/wp\/v2\/types\/product"}],"replies":[{"embeddable":true,"href":"https:\/\/maabmakeup.com\/inicio-2\/wp-json\/wp\/v2\/comments?post=5167"}],"wp:featuredmedia":[{"embeddable":true,"href":"https:\/\/maabmakeup.com\/inicio-2\/wp-json\/wp\/v2\/media\/5168"}],"wp:attachment":[{"href":"https:\/\/maabmakeup.com\/inicio-2\/wp-json\/wp\/v2\/media?parent=5167"}],"wp:term":[{"taxonomy":"product_brand","embeddable":true,"href":"https:\/\/maabmakeup.com\/inicio-2\/wp-json\/wp\/v2\/product_brand?post=5167"},{"taxonomy":"product_cat","embeddable":true,"href":"https:\/\/maabmakeup.com\/inicio-2\/wp-json\/wp\/v2\/product_cat?post=5167"},{"taxonomy":"product_tag","embeddable":true,"href":"https:\/\/maabmakeup.com\/inicio-2\/wp-json\/wp\/v2\/product_tag?post=5167"}],"curies":[{"name":"wp","href":"https:\/\/api.w.org\/{rel}","templated":true}]}}