{"id":5169,"date":"2024-07-09T14:47:26","date_gmt":"2024-07-09T12:47:26","guid":{"rendered":"https:\/\/maabmakeup.es\/?post_type=product&#038;p=5169"},"modified":"2025-08-11T11:29:16","modified_gmt":"2025-08-11T09:29:16","slug":"tips-straight-xl-reciclables-para-gel-polygel-o-acrigel-formas-superiores-dual-system-ib","status":"publish","type":"product","link":"https:\/\/maabmakeup.com\/inicio-2\/tienda\/accesorios\/tips\/tips-straight-xl-reciclables-para-gel-polygel-o-acrigel-formas-superiores-dual-system-ib\/","title":{"rendered":"TIPS STRAIGHT XL RECICLABLES PARA GEL, POLYGEL O ACRIGEL (FORMAS SUPERIORES) DUAL SYSTEM IB"},"content":{"rendered":"<p>Tips planos con forma moderna y muy poco \u00e1pice, para esculpir u\u00f1as de gel polygel o acr\u00edlico, son compatibles con los tres sistemas de productos para construir u\u00f1as, es m\u00e1s f\u00e1cil con el polygel porque es m\u00e1s espeso y mantiene la forma de la u\u00f1a, si usas un gel intenta que sea jelly para que tenga consistencia y no se mueva.<\/p>\n<p>Reutiliza los tips para diferentes clientes, l\u00edmpialos bien con alcohol y apunta sus tallas para cuando venga la clienta en la pr\u00f3xima cita ya tienes su tama\u00f1o de tips apuntado para un servicio de manicura m\u00e1s r\u00e1pido.<\/p>\n<p>Este tipo de tips es para u\u00f1as cortas o refuerzos, no los uses para u\u00f1as largas.<\/p>\n","protected":false},"excerpt":{"rendered":"<p>Tips planos con forma moderna y muy poco \u00e1pice, para esculpir u\u00f1as de gel polygel o acr\u00edlico, son compatibles con<\/p>\n","protected":false},"featured_media":5170,"comment_status":"open","ping_status":"closed","template":"","meta":[],"product_brand":[186],"product_cat":[82],"product_tag":[],"class_list":{"0":"post-5169","1":"product","2":"type-product","3":"status-publish","4":"has-post-thumbnail","6":"product_brand-illusion-beauty","7":"product_cat-tips","9":"first","10":"instock","11":"purchasable","12":"product-type-simple"},"_links":{"self":[{"href":"https:\/\/maabmakeup.com\/inicio-2\/wp-json\/wp\/v2\/product\/5169","targetHints":{"allow":["GET"]}}],"collection":[{"href":"https:\/\/maabmakeup.com\/inicio-2\/wp-json\/wp\/v2\/product"}],"about":[{"href":"https:\/\/maabmakeup.com\/inicio-2\/wp-json\/wp\/v2\/types\/product"}],"replies":[{"embeddable":true,"href":"https:\/\/maabmakeup.com\/inicio-2\/wp-json\/wp\/v2\/comments?post=5169"}],"wp:featuredmedia":[{"embeddable":true,"href":"https:\/\/maabmakeup.com\/inicio-2\/wp-json\/wp\/v2\/media\/5170"}],"wp:attachment":[{"href":"https:\/\/maabmakeup.com\/inicio-2\/wp-json\/wp\/v2\/media?parent=5169"}],"wp:term":[{"taxonomy":"product_brand","embeddable":true,"href":"https:\/\/maabmakeup.com\/inicio-2\/wp-json\/wp\/v2\/product_brand?post=5169"},{"taxonomy":"product_cat","embeddable":true,"href":"https:\/\/maabmakeup.com\/inicio-2\/wp-json\/wp\/v2\/product_cat?post=5169"},{"taxonomy":"product_tag","embeddable":true,"href":"https:\/\/maabmakeup.com\/inicio-2\/wp-json\/wp\/v2\/product_tag?post=5169"}],"curies":[{"name":"wp","href":"https:\/\/api.w.org\/{rel}","templated":true}]}}