{"id":5381,"date":"2024-08-12T18:31:58","date_gmt":"2024-08-12T16:31:58","guid":{"rendered":"https:\/\/maabmakeup.es\/?post_type=product&#038;p=5381"},"modified":"2025-10-15T12:15:11","modified_gmt":"2025-10-15T10:15:11","slug":"base-rubber-ib-pink-base-flexible-para-refuerzo-30ml","status":"publish","type":"product","link":"https:\/\/maabmakeup.com\/inicio-2\/tienda\/base\/flexible\/base-rubber-ib-pink-base-flexible-para-refuerzo-30ml\/","title":{"rendered":"Base rubber IB Pink (base flexible para refuerzo) 30ml"},"content":{"rendered":"<p>La mejor Base rubber al precio m\u00e1s econ\u00f3mico para su calidad, flexible para esmalte semipermanente, nos sirve para hacer nivelaci\u00f3n, hacer un refuerzo el la u\u00f1a natural o corregir la forma de la estructura de la u\u00f1a.<\/p>\n<p>Base Autonivelante.<\/p>\n<p>Perfecta adhesi\u00f3n por ambas caras.<\/p>\n<p>No se expande sobre la cut\u00edcula, es espesa.<\/p>\n<p>Curado en lampara LED \/ 60 seg. \u2013 UV \/ 120 seg.<\/p>\n<p>30ml<\/p>\n<p>Base para polygel.<\/p>\n","protected":false},"excerpt":{"rendered":"<p>La mejor Base rubber al precio m\u00e1s econ\u00f3mico para su calidad, flexible para esmalte semipermanente, nos sirve para hacer nivelaci\u00f3n,<\/p>\n","protected":false},"featured_media":5382,"comment_status":"open","ping_status":"closed","template":"","meta":[],"product_brand":[186],"product_cat":[36,234],"product_tag":[],"class_list":{"0":"post-5381","1":"product","2":"type-product","3":"status-publish","4":"has-post-thumbnail","6":"product_brand-illusion-beauty","7":"product_cat-base","8":"product_cat-flexible","10":"first","11":"instock","12":"purchasable","13":"product-type-simple"},"_links":{"self":[{"href":"https:\/\/maabmakeup.com\/inicio-2\/wp-json\/wp\/v2\/product\/5381","targetHints":{"allow":["GET"]}}],"collection":[{"href":"https:\/\/maabmakeup.com\/inicio-2\/wp-json\/wp\/v2\/product"}],"about":[{"href":"https:\/\/maabmakeup.com\/inicio-2\/wp-json\/wp\/v2\/types\/product"}],"replies":[{"embeddable":true,"href":"https:\/\/maabmakeup.com\/inicio-2\/wp-json\/wp\/v2\/comments?post=5381"}],"wp:featuredmedia":[{"embeddable":true,"href":"https:\/\/maabmakeup.com\/inicio-2\/wp-json\/wp\/v2\/media\/5382"}],"wp:attachment":[{"href":"https:\/\/maabmakeup.com\/inicio-2\/wp-json\/wp\/v2\/media?parent=5381"}],"wp:term":[{"taxonomy":"product_brand","embeddable":true,"href":"https:\/\/maabmakeup.com\/inicio-2\/wp-json\/wp\/v2\/product_brand?post=5381"},{"taxonomy":"product_cat","embeddable":true,"href":"https:\/\/maabmakeup.com\/inicio-2\/wp-json\/wp\/v2\/product_cat?post=5381"},{"taxonomy":"product_tag","embeddable":true,"href":"https:\/\/maabmakeup.com\/inicio-2\/wp-json\/wp\/v2\/product_tag?post=5381"}],"curies":[{"name":"wp","href":"https:\/\/api.w.org\/{rel}","templated":true}]}}