{"id":5401,"date":"2024-08-12T18:53:20","date_gmt":"2024-08-12T16:53:20","guid":{"rendered":"https:\/\/maabmakeup.es\/?post_type=product&#038;p=5401"},"modified":"2025-08-08T14:02:15","modified_gmt":"2025-08-08T12:02:15","slug":"top-3d-ib-nailspro-10ml-efecto-lupa","status":"publish","type":"product","link":"https:\/\/maabmakeup.com\/inicio-2\/tienda\/top-coat\/top-3d-ib-nailspro-10ml-efecto-lupa\/","title":{"rendered":"Top 3D IB NailsPRO \u2013 10ml (efecto lupa)"},"content":{"rendered":"<p>\u00c9ste top es espeso para crear flores de cristal, hacer relieves en las u\u00f1as, sin capa de dispersi\u00f3n, te aconsejo que lo uses en los colores o decoraciones de u\u00f1as que tiene glitter o slider, dibujo nail art que quieras resaltar.<\/p>\n","protected":false},"excerpt":{"rendered":"<p>\u00c9ste top es espeso para crear flores de cristal, hacer relieves en las u\u00f1as, sin capa de dispersi\u00f3n, te aconsejo<\/p>\n","protected":false},"featured_media":5402,"comment_status":"open","ping_status":"closed","template":"","meta":[],"product_brand":[186],"product_cat":[166],"product_tag":[],"class_list":{"0":"post-5401","1":"product","2":"type-product","3":"status-publish","4":"has-post-thumbnail","6":"product_brand-illusion-beauty","7":"product_cat-top-coat","9":"first","10":"instock","11":"purchasable","12":"product-type-simple"},"_links":{"self":[{"href":"https:\/\/maabmakeup.com\/inicio-2\/wp-json\/wp\/v2\/product\/5401","targetHints":{"allow":["GET"]}}],"collection":[{"href":"https:\/\/maabmakeup.com\/inicio-2\/wp-json\/wp\/v2\/product"}],"about":[{"href":"https:\/\/maabmakeup.com\/inicio-2\/wp-json\/wp\/v2\/types\/product"}],"replies":[{"embeddable":true,"href":"https:\/\/maabmakeup.com\/inicio-2\/wp-json\/wp\/v2\/comments?post=5401"}],"wp:featuredmedia":[{"embeddable":true,"href":"https:\/\/maabmakeup.com\/inicio-2\/wp-json\/wp\/v2\/media\/5402"}],"wp:attachment":[{"href":"https:\/\/maabmakeup.com\/inicio-2\/wp-json\/wp\/v2\/media?parent=5401"}],"wp:term":[{"taxonomy":"product_brand","embeddable":true,"href":"https:\/\/maabmakeup.com\/inicio-2\/wp-json\/wp\/v2\/product_brand?post=5401"},{"taxonomy":"product_cat","embeddable":true,"href":"https:\/\/maabmakeup.com\/inicio-2\/wp-json\/wp\/v2\/product_cat?post=5401"},{"taxonomy":"product_tag","embeddable":true,"href":"https:\/\/maabmakeup.com\/inicio-2\/wp-json\/wp\/v2\/product_tag?post=5401"}],"curies":[{"name":"wp","href":"https:\/\/api.w.org\/{rel}","templated":true}]}}