{"id":5893,"date":"2025-01-14T11:06:32","date_gmt":"2025-01-14T10:06:32","guid":{"rendered":"https:\/\/maabmakeup.es\/?post_type=product&#038;p=5893"},"modified":"2026-03-18T19:39:15","modified_gmt":"2026-03-18T18:39:15","slug":"monomero-de-secado-rapido-illusion-beauty-500ml","status":"publish","type":"product","link":"https:\/\/maabmakeup.com\/inicio-2\/tienda\/liquidos\/monomero\/monomero-de-secado-rapido-illusion-beauty-500ml\/","title":{"rendered":"Mon\u00f3mero de Secado R\u00e1pido illusion beauty \u2013 500ml"},"content":{"rendered":"<p>Liquido acr\u00edlico de secado r\u00e1pido, bajo olor y no se amarillea.<\/p>\n<p>Usar en combinaci\u00f3n con los polvos acrilicos illusion beauty.<\/p>\n","protected":false},"excerpt":{"rendered":"<p>Liquido acr\u00edlico de secado r\u00e1pido, bajo olor y no se amarillea. Usar en combinaci\u00f3n con los polvos acrilicos illusion beauty.<\/p>\n","protected":false},"featured_media":5919,"comment_status":"open","ping_status":"closed","template":"","meta":[],"product_brand":[186],"product_cat":[67],"product_tag":[],"class_list":{"0":"post-5893","1":"product","2":"type-product","3":"status-publish","4":"has-post-thumbnail","6":"product_brand-illusion-beauty","7":"product_cat-monomero","9":"first","10":"instock","11":"purchasable","12":"product-type-simple"},"_links":{"self":[{"href":"https:\/\/maabmakeup.com\/inicio-2\/wp-json\/wp\/v2\/product\/5893","targetHints":{"allow":["GET"]}}],"collection":[{"href":"https:\/\/maabmakeup.com\/inicio-2\/wp-json\/wp\/v2\/product"}],"about":[{"href":"https:\/\/maabmakeup.com\/inicio-2\/wp-json\/wp\/v2\/types\/product"}],"replies":[{"embeddable":true,"href":"https:\/\/maabmakeup.com\/inicio-2\/wp-json\/wp\/v2\/comments?post=5893"}],"wp:featuredmedia":[{"embeddable":true,"href":"https:\/\/maabmakeup.com\/inicio-2\/wp-json\/wp\/v2\/media\/5919"}],"wp:attachment":[{"href":"https:\/\/maabmakeup.com\/inicio-2\/wp-json\/wp\/v2\/media?parent=5893"}],"wp:term":[{"taxonomy":"product_brand","embeddable":true,"href":"https:\/\/maabmakeup.com\/inicio-2\/wp-json\/wp\/v2\/product_brand?post=5893"},{"taxonomy":"product_cat","embeddable":true,"href":"https:\/\/maabmakeup.com\/inicio-2\/wp-json\/wp\/v2\/product_cat?post=5893"},{"taxonomy":"product_tag","embeddable":true,"href":"https:\/\/maabmakeup.com\/inicio-2\/wp-json\/wp\/v2\/product_tag?post=5893"}],"curies":[{"name":"wp","href":"https:\/\/api.w.org\/{rel}","templated":true}]}}