{"id":6039,"date":"2025-02-26T18:11:33","date_gmt":"2025-02-26T17:11:33","guid":{"rendered":"https:\/\/maabmakeup.es\/?post_type=product&#038;p=6039"},"modified":"2025-08-08T17:27:10","modified_gmt":"2025-08-08T15:27:10","slug":"hypo-aceite-para-labios-hipoalergenico-oil-lip-tint","status":"publish","type":"product","link":"https:\/\/maabmakeup.com\/inicio-2\/tienda\/facial\/hypo-aceite-para-labios-hipoalergenico-oil-lip-tint\/","title":{"rendered":"HYPO Aceite para labios hipoalerg\u00e9nico Oil Lip Tint"},"content":{"rendered":"<p>Aceite hipoalerg\u00e9nico para el tinte de labios<\/p>\n<p>El aceite vegano tintado colorea los labios de forma duradera con un bonito color melocot\u00f3n y deleita con un agradable aroma a sand\u00eda.<\/p>\n<p>Su textura c\u00f3moda y no pegajosa es perfecta bajo una mascarilla y como base para el brillo o la barra de labios.<\/p>\n<p>La f\u00f3rmula hidratante contiene el beneficioso aceite de hueso de albaricoque, que suaviza los labios y mejora su estado, y junto con la vitamina E y el extracto de sand\u00eda, muestra propiedades antioxidantes, reforzando la barrera protectora de la piel, protegi\u00e9ndola contra los factores externos da\u00f1inos.<\/p>\n<p>La f\u00f3rmula tambi\u00e9n contiene aceite de arg\u00e1n, el llamado oro l\u00edquido de Marruecos, que tiene un efecto antienvejecimiento y, junto con el aceite de ricino, reduce la p\u00e9rdida de agua a trav\u00e9s de la epidermis, suavizando y nutriendo los labios.<\/p>\n<p>El aceite de girasol les confiere una extraordinaria suavidad.<\/p>\n<p>Producto apto para veganos con su composici\u00f3n desarrollada en l\u00ednea con la tendencia Clean Beauty. Certificado por PETA.<br \/>\nContiene un 97% de ingredientes de origen natural.<br \/>\nNo contiene micropl\u00e1sticos.<br \/>\nTestado bajo supervisi\u00f3n de un dermat\u00f3logo.<\/p>\n<p>Modo de empleo: extender el aceite con la bola del aplicador sin sobrepasar el contorno de los labios.<\/p>\n","protected":false},"excerpt":{"rendered":"<p>Aceite hipoalerg\u00e9nico para el tinte de labios El aceite vegano tintado colorea los labios de forma duradera con un bonito<\/p>\n","protected":false},"featured_media":6040,"comment_status":"open","ping_status":"closed","template":"","meta":[],"product_brand":[217],"product_cat":[184],"product_tag":[],"class_list":{"0":"post-6039","1":"product","2":"type-product","3":"status-publish","4":"has-post-thumbnail","6":"product_brand-ziaja","7":"product_cat-facial","9":"first","10":"outofstock","11":"purchasable","12":"product-type-simple"},"_links":{"self":[{"href":"https:\/\/maabmakeup.com\/inicio-2\/wp-json\/wp\/v2\/product\/6039","targetHints":{"allow":["GET"]}}],"collection":[{"href":"https:\/\/maabmakeup.com\/inicio-2\/wp-json\/wp\/v2\/product"}],"about":[{"href":"https:\/\/maabmakeup.com\/inicio-2\/wp-json\/wp\/v2\/types\/product"}],"replies":[{"embeddable":true,"href":"https:\/\/maabmakeup.com\/inicio-2\/wp-json\/wp\/v2\/comments?post=6039"}],"wp:featuredmedia":[{"embeddable":true,"href":"https:\/\/maabmakeup.com\/inicio-2\/wp-json\/wp\/v2\/media\/6040"}],"wp:attachment":[{"href":"https:\/\/maabmakeup.com\/inicio-2\/wp-json\/wp\/v2\/media?parent=6039"}],"wp:term":[{"taxonomy":"product_brand","embeddable":true,"href":"https:\/\/maabmakeup.com\/inicio-2\/wp-json\/wp\/v2\/product_brand?post=6039"},{"taxonomy":"product_cat","embeddable":true,"href":"https:\/\/maabmakeup.com\/inicio-2\/wp-json\/wp\/v2\/product_cat?post=6039"},{"taxonomy":"product_tag","embeddable":true,"href":"https:\/\/maabmakeup.com\/inicio-2\/wp-json\/wp\/v2\/product_tag?post=6039"}],"curies":[{"name":"wp","href":"https:\/\/api.w.org\/{rel}","templated":true}]}}