{"id":6045,"date":"2025-02-26T18:50:17","date_gmt":"2025-02-26T17:50:17","guid":{"rendered":"https:\/\/maabmakeup.es\/?post_type=product&#038;p=6045"},"modified":"2025-10-23T09:59:01","modified_gmt":"2025-10-23T07:59:01","slug":"limpiador-facial-en-espuma-para-piel-sensible-y-propensa-al-enrojecimiento","status":"publish","type":"product","link":"https:\/\/maabmakeup.com\/inicio-2\/tienda\/facial\/limpiador-facial-en-espuma-para-piel-sensible-y-propensa-al-enrojecimiento\/","title":{"rendered":"Limpiador facial en espuma para piel sensible y propensa al enrojecimiento"},"content":{"rendered":"<p>Limpiador facial en espuma para pieles sensibles y propensas al enrojecimiento.<\/p>\n<p>Limpia suave y eficazmente la piel hidrat\u00e1ndola durante el lavado. Capaz de retirar el sebo y el maquillaje.<\/p>\n<p>Piel limpia, suave y con un agradable aroma.<br \/>\nApto para usuarios de lentes de contacto para limpiar el rostro, no es un desmaquillante de ojos.<\/p>\n<p>Contiene un 90% de ingredientes de origen natural, sin aceite y con fragancia suave.<\/p>\n<p>Enriquecido con alanto\u00edna, lactato de sodio, \u00e1cido l\u00e1ctico, PCA, provitamina B5 y extracto de Eufrasia.<\/p>\n<p>Son veganos y son aptos para los distintos tipos de piel.<\/p>\n<p>MODO DE EMPLEO: Aplicar espuma en las manos y lavar suavemente el rostro. Enjuagar con agua tibia. Utilizar ma\u00f1ana y tarde.<\/p>\n<p>\u00a1Vegan!<\/p>\n","protected":false},"excerpt":{"rendered":"<p>Limpiador facial en espuma para pieles sensibles y propensas al enrojecimiento. Limpia suave y eficazmente la piel hidrat\u00e1ndola durante el<\/p>\n","protected":false},"featured_media":6046,"comment_status":"open","ping_status":"closed","template":"","meta":[],"product_brand":[217],"product_cat":[184],"product_tag":[],"class_list":{"0":"post-6045","1":"product","2":"type-product","3":"status-publish","4":"has-post-thumbnail","6":"product_brand-ziaja","7":"product_cat-facial","9":"first","10":"instock","11":"purchasable","12":"product-type-simple"},"_links":{"self":[{"href":"https:\/\/maabmakeup.com\/inicio-2\/wp-json\/wp\/v2\/product\/6045","targetHints":{"allow":["GET"]}}],"collection":[{"href":"https:\/\/maabmakeup.com\/inicio-2\/wp-json\/wp\/v2\/product"}],"about":[{"href":"https:\/\/maabmakeup.com\/inicio-2\/wp-json\/wp\/v2\/types\/product"}],"replies":[{"embeddable":true,"href":"https:\/\/maabmakeup.com\/inicio-2\/wp-json\/wp\/v2\/comments?post=6045"}],"wp:featuredmedia":[{"embeddable":true,"href":"https:\/\/maabmakeup.com\/inicio-2\/wp-json\/wp\/v2\/media\/6046"}],"wp:attachment":[{"href":"https:\/\/maabmakeup.com\/inicio-2\/wp-json\/wp\/v2\/media?parent=6045"}],"wp:term":[{"taxonomy":"product_brand","embeddable":true,"href":"https:\/\/maabmakeup.com\/inicio-2\/wp-json\/wp\/v2\/product_brand?post=6045"},{"taxonomy":"product_cat","embeddable":true,"href":"https:\/\/maabmakeup.com\/inicio-2\/wp-json\/wp\/v2\/product_cat?post=6045"},{"taxonomy":"product_tag","embeddable":true,"href":"https:\/\/maabmakeup.com\/inicio-2\/wp-json\/wp\/v2\/product_tag?post=6045"}],"curies":[{"name":"wp","href":"https:\/\/api.w.org\/{rel}","templated":true}]}}