{"id":6051,"date":"2025-02-26T19:03:09","date_gmt":"2025-02-26T18:03:09","guid":{"rendered":"https:\/\/maabmakeup.es\/?post_type=product&#038;p=6051"},"modified":"2025-10-23T09:55:45","modified_gmt":"2025-10-23T07:55:45","slug":"baltic-home-spa-wellness-serum-antiarrugas-para-rostro-y-cuello","status":"publish","type":"product","link":"https:\/\/maabmakeup.com\/inicio-2\/tienda\/facial\/baltic-home-spa-wellness-serum-antiarrugas-para-rostro-y-cuello\/","title":{"rendered":"BALTIC HOME SPA WELLNESS S\u00e9rum antiarrugas para rostro y cuello"},"content":{"rendered":"<p>S\u00e9rum antiarrugas para rostro y cuello con 98% de ingredientes de origen natural.<br \/>\nRecomendada para piel seca, deshidratada, madura, con manchas de pigmentaci\u00f3n o normal.<\/p>\n<p>Reduce los signos de envejecimiento de la piel, suavizando arrugas mediante una f\u00f3rmula de crema-gel con alta concentraci\u00f3n de ingredientes.<\/p>\n<p>Hidrata eficazmente y reduce los poros dilatados<br \/>\nContiene ingredientes activos naturales: glicerina vegetal, silicona y \u00e1cido alg\u00ednico, emoliente de coco, aceite de almendras, \u00e1cido hialur\u00f3nico y vitaminas C y E.<\/p>\n<p>Modo de empleo: aplicar sobre rostro, cuello y escote mediante suaves toquecitos. Se puede utilizar como prebase de maquillaje. Se recomienda su uso por la ma\u00f1ana y por la tarde.<\/p>\n","protected":false},"excerpt":{"rendered":"<p>S\u00e9rum antiarrugas para rostro y cuello con 98% de ingredientes de origen natural. Recomendada para piel seca, deshidratada, madura, con<\/p>\n","protected":false},"featured_media":6052,"comment_status":"open","ping_status":"closed","template":"","meta":[],"product_brand":[217],"product_cat":[184],"product_tag":[],"class_list":{"0":"post-6051","1":"product","2":"type-product","3":"status-publish","4":"has-post-thumbnail","6":"product_brand-ziaja","7":"product_cat-facial","9":"first","10":"instock","11":"purchasable","12":"product-type-simple"},"_links":{"self":[{"href":"https:\/\/maabmakeup.com\/inicio-2\/wp-json\/wp\/v2\/product\/6051","targetHints":{"allow":["GET"]}}],"collection":[{"href":"https:\/\/maabmakeup.com\/inicio-2\/wp-json\/wp\/v2\/product"}],"about":[{"href":"https:\/\/maabmakeup.com\/inicio-2\/wp-json\/wp\/v2\/types\/product"}],"replies":[{"embeddable":true,"href":"https:\/\/maabmakeup.com\/inicio-2\/wp-json\/wp\/v2\/comments?post=6051"}],"wp:featuredmedia":[{"embeddable":true,"href":"https:\/\/maabmakeup.com\/inicio-2\/wp-json\/wp\/v2\/media\/6052"}],"wp:attachment":[{"href":"https:\/\/maabmakeup.com\/inicio-2\/wp-json\/wp\/v2\/media?parent=6051"}],"wp:term":[{"taxonomy":"product_brand","embeddable":true,"href":"https:\/\/maabmakeup.com\/inicio-2\/wp-json\/wp\/v2\/product_brand?post=6051"},{"taxonomy":"product_cat","embeddable":true,"href":"https:\/\/maabmakeup.com\/inicio-2\/wp-json\/wp\/v2\/product_cat?post=6051"},{"taxonomy":"product_tag","embeddable":true,"href":"https:\/\/maabmakeup.com\/inicio-2\/wp-json\/wp\/v2\/product_tag?post=6051"}],"curies":[{"name":"wp","href":"https:\/\/api.w.org\/{rel}","templated":true}]}}