{"id":6055,"date":"2025-02-26T19:12:27","date_gmt":"2025-02-26T18:12:27","guid":{"rendered":"https:\/\/maabmakeup.es\/?post_type=product&#038;p=6055"},"modified":"2025-08-08T17:24:41","modified_gmt":"2025-08-08T15:24:41","slug":"crema-de-manos-hidratante-con-manteca-de-ucuuba-5-de-urea","status":"publish","type":"product","link":"https:\/\/maabmakeup.com\/inicio-2\/tienda\/facial\/crema-de-manos-hidratante-con-manteca-de-ucuuba-5-de-urea\/","title":{"rendered":"Crema de manos hidratante con manteca de Ucuuba, 5% de Urea"},"content":{"rendered":"<p>Crema de manos hidratante para pieles muy secas con manteca de Ucuuba, 5% de Urea y lactato de sodio. Recomendada a partir de 12 a\u00f1os.<\/p>\n<p>Hidrata y regenera la piel. Proporcional alivio a las manos secas y agrietadas.<\/p>\n<p>La manteca de Ucuuba se extrae de las semillas del \u00e1rbol Virola surinamensis, que crece en el bosque de la Amazonia y es una gran fuente de \u00e1cidos grasos esenciales y vitaminas A y C.<\/p>\n<p>Su acci\u00f3n principal es la hidrataci\u00f3n eficaz y la regeneraci\u00f3n de la piel. Adem\u00e1s, se absorbe r\u00e1pidamente sin dejar la piel grasa y aporta un alivio r\u00e1pido. Deja un tacto m\u00e1s suave y agradable gracias a sus agentes de hidrataci\u00f3n intensa.<\/p>\n<p>La obtenci\u00f3n de esta materia prima no influye en la deforestaci\u00f3n porque hace referencia s\u00f3lo a las semillas de plantas ex\u00f3ticas.<\/p>\n<p>La urea es un compuesto que se utiliza debido a su alta capacidad para hidratar y suavizar la piel. La urea tambi\u00e9n puede tener propiedades exfoliantes suaves y puede ayudar a suavizar y alisar la piel \u00e1spera y escamosa.<\/p>\n<p>MODO DE EMPLEO: Masajear con las manos limpias. Uso diario recomendado.<\/p>\n","protected":false},"excerpt":{"rendered":"<p>Crema de manos hidratante para pieles muy secas con manteca de Ucuuba, 5% de Urea y lactato de sodio. Recomendada<\/p>\n","protected":false},"featured_media":6056,"comment_status":"open","ping_status":"closed","template":"","meta":[],"product_brand":[217],"product_cat":[184],"product_tag":[],"class_list":{"0":"post-6055","1":"product","2":"type-product","3":"status-publish","4":"has-post-thumbnail","6":"product_brand-ziaja","7":"product_cat-facial","9":"first","10":"outofstock","11":"purchasable","12":"product-type-simple"},"_links":{"self":[{"href":"https:\/\/maabmakeup.com\/inicio-2\/wp-json\/wp\/v2\/product\/6055","targetHints":{"allow":["GET"]}}],"collection":[{"href":"https:\/\/maabmakeup.com\/inicio-2\/wp-json\/wp\/v2\/product"}],"about":[{"href":"https:\/\/maabmakeup.com\/inicio-2\/wp-json\/wp\/v2\/types\/product"}],"replies":[{"embeddable":true,"href":"https:\/\/maabmakeup.com\/inicio-2\/wp-json\/wp\/v2\/comments?post=6055"}],"wp:featuredmedia":[{"embeddable":true,"href":"https:\/\/maabmakeup.com\/inicio-2\/wp-json\/wp\/v2\/media\/6056"}],"wp:attachment":[{"href":"https:\/\/maabmakeup.com\/inicio-2\/wp-json\/wp\/v2\/media?parent=6055"}],"wp:term":[{"taxonomy":"product_brand","embeddable":true,"href":"https:\/\/maabmakeup.com\/inicio-2\/wp-json\/wp\/v2\/product_brand?post=6055"},{"taxonomy":"product_cat","embeddable":true,"href":"https:\/\/maabmakeup.com\/inicio-2\/wp-json\/wp\/v2\/product_cat?post=6055"},{"taxonomy":"product_tag","embeddable":true,"href":"https:\/\/maabmakeup.com\/inicio-2\/wp-json\/wp\/v2\/product_tag?post=6055"}],"curies":[{"name":"wp","href":"https:\/\/api.w.org\/{rel}","templated":true}]}}