{"id":6102,"date":"2025-02-27T10:41:12","date_gmt":"2025-02-27T09:41:12","guid":{"rendered":"https:\/\/maabmakeup.es\/?post_type=product&#038;p=6102"},"modified":"2025-08-08T17:31:56","modified_gmt":"2025-08-08T15:31:56","slug":"hypo-mascara-de-pestanas-hipoalergenica-ultra-volume","status":"publish","type":"product","link":"https:\/\/maabmakeup.com\/inicio-2\/tienda\/maquillaje\/hypo-mascara-de-pestanas-hipoalergenica-ultra-volume\/","title":{"rendered":"HYPO M\u00e1scara de pesta\u00f1as hipoalerg\u00e9nica Ultra Volume"},"content":{"rendered":"<p>M\u00e1scara de pesta\u00f1as hipoalerg\u00e9nica para estilizar y dar volumen a las pesta\u00f1as, de la colecci\u00f3n Ultra Light.<\/p>\n<p>La m\u00e1scara de pesta\u00f1as vegana de color negro intenso aporta definici\u00f3n a la mirada, da volumen a las pesta\u00f1as, las espesa y alarga al m\u00e1ximo.<\/p>\n<p>Su f\u00f3rmula hipoalerg\u00e9nica contiene aceite de semillas de jojoba para nutrir las pesta\u00f1as y el col\u00e1geno vegano para mejorar su estado.<\/p>\n<p>El aceite de oliva aporta flexibilidad a las pesta\u00f1as y el pantenol las hidrata.<\/p>\n<p>El preciso gupill\u00f3n de silicona separa perfectamente las pesta\u00f1as y permite cubrir incluso las m\u00e1s cortas. La m\u00e1scara no se descama durante el d\u00eda y no se apelmaza en el p\u00e1rpado.<\/p>\n<p>El producto es apto para veganos con una formulaci\u00f3n desarrollada en l\u00ednea con la tendencia Clean Beauty.<\/p>\n<p>Certificado por PETA.<\/p>\n<p>Contiene un 93% de ingredientes de origen natural.<\/p>\n<p>Testado bajo supervisi\u00f3n de dermat\u00f3logo y oftalm\u00f3logo.<br \/>\nApto para personas con ojos sensibles y usuarios de lentillas.<\/p>\n<p>Modo de empleo: aplicar sobre las pesta\u00f1as desde la ra\u00edz hasta las puntas.<\/p>\n<p>Truco de maquillador: aplicar la m\u00e1scara sobre las pesta\u00f1as con un movimiento ascendente en zig-zag. Para un efecto m\u00e1s intenso, aplicar otra capa de m\u00e1scara.<\/p>\n","protected":false},"excerpt":{"rendered":"<p>M\u00e1scara de pesta\u00f1as hipoalerg\u00e9nica para estilizar y dar volumen a las pesta\u00f1as, de la colecci\u00f3n Ultra Light. La m\u00e1scara de<\/p>\n","protected":false},"featured_media":6103,"comment_status":"open","ping_status":"closed","template":"","meta":[],"product_brand":[218],"product_cat":[179],"product_tag":[],"class_list":{"0":"post-6102","1":"product","2":"type-product","3":"status-publish","4":"has-post-thumbnail","6":"product_brand-bell","7":"product_cat-maquillaje","9":"first","10":"instock","11":"purchasable","12":"product-type-simple"},"_links":{"self":[{"href":"https:\/\/maabmakeup.com\/inicio-2\/wp-json\/wp\/v2\/product\/6102","targetHints":{"allow":["GET"]}}],"collection":[{"href":"https:\/\/maabmakeup.com\/inicio-2\/wp-json\/wp\/v2\/product"}],"about":[{"href":"https:\/\/maabmakeup.com\/inicio-2\/wp-json\/wp\/v2\/types\/product"}],"replies":[{"embeddable":true,"href":"https:\/\/maabmakeup.com\/inicio-2\/wp-json\/wp\/v2\/comments?post=6102"}],"wp:featuredmedia":[{"embeddable":true,"href":"https:\/\/maabmakeup.com\/inicio-2\/wp-json\/wp\/v2\/media\/6103"}],"wp:attachment":[{"href":"https:\/\/maabmakeup.com\/inicio-2\/wp-json\/wp\/v2\/media?parent=6102"}],"wp:term":[{"taxonomy":"product_brand","embeddable":true,"href":"https:\/\/maabmakeup.com\/inicio-2\/wp-json\/wp\/v2\/product_brand?post=6102"},{"taxonomy":"product_cat","embeddable":true,"href":"https:\/\/maabmakeup.com\/inicio-2\/wp-json\/wp\/v2\/product_cat?post=6102"},{"taxonomy":"product_tag","embeddable":true,"href":"https:\/\/maabmakeup.com\/inicio-2\/wp-json\/wp\/v2\/product_tag?post=6102"}],"curies":[{"name":"wp","href":"https:\/\/api.w.org\/{rel}","templated":true}]}}