{"id":6115,"date":"2025-02-27T11:01:59","date_gmt":"2025-02-27T10:01:59","guid":{"rendered":"https:\/\/maabmakeup.es\/?post_type=product&#038;p=6115"},"modified":"2025-08-08T17:29:13","modified_gmt":"2025-08-08T15:29:13","slug":"delineador-de-ojos-liquido-spicy-passion-cinnamon-girl","status":"publish","type":"product","link":"https:\/\/maabmakeup.com\/inicio-2\/tienda\/maquillaje\/delineador-de-ojos-liquido-spicy-passion-cinnamon-girl\/","title":{"rendered":"Delineador de ojos l\u00edquido Spicy Passion Cinnamon Girl"},"content":{"rendered":"<p>Eyeliner l\u00edquido color burdeos.<\/p>\n<p>El \u00fanico e inconfundible color burdeos en el delineador de ojos enfatiza el iris y permite obtener un maquillaje de ojos extraordinario.<\/p>\n<p>La f\u00f3rmula duradera proporciona una cobertura uniforme y evita la descamaci\u00f3n de la m\u00e1scara durante un d\u00eda.<\/p>\n<p>Un original aplicador permite hacer una l\u00ednea uniforme y distintiva a lo largo del p\u00e1rpado<\/p>\n","protected":false},"excerpt":{"rendered":"<p>Eyeliner l\u00edquido color burdeos. El \u00fanico e inconfundible color burdeos en el delineador de ojos enfatiza el iris y permite<\/p>\n","protected":false},"featured_media":6116,"comment_status":"open","ping_status":"closed","template":"","meta":[],"product_brand":[218],"product_cat":[179],"product_tag":[],"class_list":{"0":"post-6115","1":"product","2":"type-product","3":"status-publish","4":"has-post-thumbnail","6":"product_brand-bell","7":"product_cat-maquillaje","9":"first","10":"outofstock","11":"purchasable","12":"product-type-simple"},"_links":{"self":[{"href":"https:\/\/maabmakeup.com\/inicio-2\/wp-json\/wp\/v2\/product\/6115","targetHints":{"allow":["GET"]}}],"collection":[{"href":"https:\/\/maabmakeup.com\/inicio-2\/wp-json\/wp\/v2\/product"}],"about":[{"href":"https:\/\/maabmakeup.com\/inicio-2\/wp-json\/wp\/v2\/types\/product"}],"replies":[{"embeddable":true,"href":"https:\/\/maabmakeup.com\/inicio-2\/wp-json\/wp\/v2\/comments?post=6115"}],"wp:featuredmedia":[{"embeddable":true,"href":"https:\/\/maabmakeup.com\/inicio-2\/wp-json\/wp\/v2\/media\/6116"}],"wp:attachment":[{"href":"https:\/\/maabmakeup.com\/inicio-2\/wp-json\/wp\/v2\/media?parent=6115"}],"wp:term":[{"taxonomy":"product_brand","embeddable":true,"href":"https:\/\/maabmakeup.com\/inicio-2\/wp-json\/wp\/v2\/product_brand?post=6115"},{"taxonomy":"product_cat","embeddable":true,"href":"https:\/\/maabmakeup.com\/inicio-2\/wp-json\/wp\/v2\/product_cat?post=6115"},{"taxonomy":"product_tag","embeddable":true,"href":"https:\/\/maabmakeup.com\/inicio-2\/wp-json\/wp\/v2\/product_tag?post=6115"}],"curies":[{"name":"wp","href":"https:\/\/api.w.org\/{rel}","templated":true}]}}