{"id":6135,"date":"2025-02-27T11:43:05","date_gmt":"2025-02-27T10:43:05","guid":{"rendered":"https:\/\/maabmakeup.es\/?post_type=product&#038;p=6135"},"modified":"2025-08-08T17:37:14","modified_gmt":"2025-08-08T15:37:14","slug":"oliva-contorno-de-ojos-intensamente-nutritivo","status":"publish","type":"product","link":"https:\/\/maabmakeup.com\/inicio-2\/tienda\/facial\/oliva-contorno-de-ojos-intensamente-nutritivo\/","title":{"rendered":"OLIVA Contorno de ojos intensamente nutritivo"},"content":{"rendered":"<p>Contorno de ojos de oliva para pieles secas y deshidratadas. Proporciona una notable hidrataci\u00f3n de la epidermis.<\/p>\n<p>Previene la flacidez de la fina piel debajo de los ojos<br \/>\nSuaviza visiblemente y hace menos profundas las peque\u00f1as arrugas, reduciendo los signos de fatiga.<\/p>\n<p>Apto para veganos.<\/p>\n<p>Modo de empleo: Aplicar peque\u00f1os puntos en la piel de los p\u00e1rpados y debajo de los ojos, mediante peque\u00f1os toquecitos. Desde el lado exterior hacia el interior del ojo.<br \/>\nEvitar el contacto de la crema con el saco conjuntival.<\/p>\n","protected":false},"excerpt":{"rendered":"<p>Contorno de ojos de oliva para pieles secas y deshidratadas. Proporciona una notable hidrataci\u00f3n de la epidermis. Previene la flacidez<\/p>\n","protected":false},"featured_media":6136,"comment_status":"open","ping_status":"closed","template":"","meta":[],"product_brand":[217],"product_cat":[184],"product_tag":[],"class_list":{"0":"post-6135","1":"product","2":"type-product","3":"status-publish","4":"has-post-thumbnail","6":"product_brand-ziaja","7":"product_cat-facial","9":"first","10":"outofstock","11":"shipping-taxable","12":"purchasable","13":"product-type-simple"},"_links":{"self":[{"href":"https:\/\/maabmakeup.com\/inicio-2\/wp-json\/wp\/v2\/product\/6135","targetHints":{"allow":["GET"]}}],"collection":[{"href":"https:\/\/maabmakeup.com\/inicio-2\/wp-json\/wp\/v2\/product"}],"about":[{"href":"https:\/\/maabmakeup.com\/inicio-2\/wp-json\/wp\/v2\/types\/product"}],"replies":[{"embeddable":true,"href":"https:\/\/maabmakeup.com\/inicio-2\/wp-json\/wp\/v2\/comments?post=6135"}],"wp:featuredmedia":[{"embeddable":true,"href":"https:\/\/maabmakeup.com\/inicio-2\/wp-json\/wp\/v2\/media\/6136"}],"wp:attachment":[{"href":"https:\/\/maabmakeup.com\/inicio-2\/wp-json\/wp\/v2\/media?parent=6135"}],"wp:term":[{"taxonomy":"product_brand","embeddable":true,"href":"https:\/\/maabmakeup.com\/inicio-2\/wp-json\/wp\/v2\/product_brand?post=6135"},{"taxonomy":"product_cat","embeddable":true,"href":"https:\/\/maabmakeup.com\/inicio-2\/wp-json\/wp\/v2\/product_cat?post=6135"},{"taxonomy":"product_tag","embeddable":true,"href":"https:\/\/maabmakeup.com\/inicio-2\/wp-json\/wp\/v2\/product_tag?post=6135"}],"curies":[{"name":"wp","href":"https:\/\/api.w.org\/{rel}","templated":true}]}}