{"id":6147,"date":"2025-02-27T12:13:42","date_gmt":"2025-02-27T11:13:42","guid":{"rendered":"https:\/\/maabmakeup.es\/?post_type=product&#038;p=6147"},"modified":"2025-08-08T17:35:56","modified_gmt":"2025-08-08T15:35:56","slug":"marine-algae-crema-facial-reafirmante-activa","status":"publish","type":"product","link":"https:\/\/maabmakeup.com\/inicio-2\/tienda\/facial\/marine-algae-crema-facial-reafirmante-activa\/","title":{"rendered":"MARINE ALGAE Crema facial reafirmante activa"},"content":{"rendered":"<p>Crema facial tensora activa reafirmante para el cuidado diario de la piel a partir de 30 a\u00f1os. Ideal para piel seca, deshidratada, madura o normal.<\/p>\n<p>Fortalece el col\u00e1geno y las fibras el\u00e1sticas de la piel alisando la epidermis y reduciendo la aparici\u00f3n de los primeros signos de expresi\u00f3n.<br \/>\nRevitaliza la lipo-estructura de la epidermis. y mejora su humedad y elasticidad.<\/p>\n<p>Producto hipoalerg\u00e9nico, testado bajo control dermatol\u00f3gico.<\/p>\n<p>Ingredientes activos: provitamina B5 (d-panthenol), aceite de canola, hidro-retinol, laminaria digitata, enteromorpha compressa<br \/>\nApta para veganos.<\/p>\n<p>Modo de empleo: Aplicar la crema sobre la piel limpia mediante suaves palmaditas.<br \/>\nDe d\u00eda se recomienda aplicar la crema profundamente hidratante de la l\u00ednea Marine Algae.<\/p>\n","protected":false},"excerpt":{"rendered":"<p>Crema facial tensora activa reafirmante para el cuidado diario de la piel a partir de 30 a\u00f1os. Ideal para piel<\/p>\n","protected":false},"featured_media":6149,"comment_status":"open","ping_status":"closed","template":"","meta":[],"product_brand":[217],"product_cat":[184],"product_tag":[],"class_list":{"0":"post-6147","1":"product","2":"type-product","3":"status-publish","4":"has-post-thumbnail","6":"product_brand-ziaja","7":"product_cat-facial","9":"first","10":"instock","11":"purchasable","12":"product-type-simple"},"_links":{"self":[{"href":"https:\/\/maabmakeup.com\/inicio-2\/wp-json\/wp\/v2\/product\/6147","targetHints":{"allow":["GET"]}}],"collection":[{"href":"https:\/\/maabmakeup.com\/inicio-2\/wp-json\/wp\/v2\/product"}],"about":[{"href":"https:\/\/maabmakeup.com\/inicio-2\/wp-json\/wp\/v2\/types\/product"}],"replies":[{"embeddable":true,"href":"https:\/\/maabmakeup.com\/inicio-2\/wp-json\/wp\/v2\/comments?post=6147"}],"wp:featuredmedia":[{"embeddable":true,"href":"https:\/\/maabmakeup.com\/inicio-2\/wp-json\/wp\/v2\/media\/6149"}],"wp:attachment":[{"href":"https:\/\/maabmakeup.com\/inicio-2\/wp-json\/wp\/v2\/media?parent=6147"}],"wp:term":[{"taxonomy":"product_brand","embeddable":true,"href":"https:\/\/maabmakeup.com\/inicio-2\/wp-json\/wp\/v2\/product_brand?post=6147"},{"taxonomy":"product_cat","embeddable":true,"href":"https:\/\/maabmakeup.com\/inicio-2\/wp-json\/wp\/v2\/product_cat?post=6147"},{"taxonomy":"product_tag","embeddable":true,"href":"https:\/\/maabmakeup.com\/inicio-2\/wp-json\/wp\/v2\/product_tag?post=6147"}],"curies":[{"name":"wp","href":"https:\/\/api.w.org\/{rel}","templated":true}]}}