{"id":6398,"date":"2025-04-09T17:07:03","date_gmt":"2025-04-09T15:07:03","guid":{"rendered":"https:\/\/maabmakeup.es\/?post_type=product&#038;p=6398"},"modified":"2025-08-25T13:51:54","modified_gmt":"2025-08-25T11:51:54","slug":"pnb-fortalecedor-de-unas-calcium-fortifier-15ml","status":"publish","type":"product","link":"https:\/\/maabmakeup.com\/inicio-2\/tienda\/cuidado-de-las-unas\/pnb-fortalecedor-de-unas-calcium-fortifier-15ml\/","title":{"rendered":"PNB Fortalecedor de u\u00f1as &#8211; Calcium Fortifier &#8211; 15ml"},"content":{"rendered":"<p>Fortalecedor de u\u00f1as para u\u00f1as d\u00e9biles y delgadas.<br \/>\nAporta fuerza y grosor a la placa ungueal. La f\u00f3rmula con alto contenido en calcio crea un potente escudo protector y fortalecedor en la superficie de la u\u00f1a.<br \/>\nEste producto contiene una composici\u00f3n equilibrada de minerales de calcio para aumentar la resistencia de la placa ungueal. Es ideal para las u\u00f1as fr\u00e1giles y quebradizas, as\u00ed como para las que crecen lenta y d\u00e9bilmente.<br \/>\nModo de empleo:<br \/>\nAplicar como base o como capa independiente.<\/p>\n","protected":false},"excerpt":{"rendered":"<p>Fortalecedor de u\u00f1as para u\u00f1as d\u00e9biles y delgadas. Aporta fuerza y grosor a la placa ungueal. La f\u00f3rmula con alto<\/p>\n","protected":false},"featured_media":6399,"comment_status":"open","ping_status":"closed","template":"","meta":[],"product_brand":[215],"product_cat":[127],"product_tag":[],"class_list":{"0":"post-6398","1":"product","2":"type-product","3":"status-publish","4":"has-post-thumbnail","6":"product_brand-pnb","7":"product_cat-cuidado-de-las-unas","9":"first","10":"instock","11":"purchasable","12":"product-type-simple"},"_links":{"self":[{"href":"https:\/\/maabmakeup.com\/inicio-2\/wp-json\/wp\/v2\/product\/6398","targetHints":{"allow":["GET"]}}],"collection":[{"href":"https:\/\/maabmakeup.com\/inicio-2\/wp-json\/wp\/v2\/product"}],"about":[{"href":"https:\/\/maabmakeup.com\/inicio-2\/wp-json\/wp\/v2\/types\/product"}],"replies":[{"embeddable":true,"href":"https:\/\/maabmakeup.com\/inicio-2\/wp-json\/wp\/v2\/comments?post=6398"}],"wp:featuredmedia":[{"embeddable":true,"href":"https:\/\/maabmakeup.com\/inicio-2\/wp-json\/wp\/v2\/media\/6399"}],"wp:attachment":[{"href":"https:\/\/maabmakeup.com\/inicio-2\/wp-json\/wp\/v2\/media?parent=6398"}],"wp:term":[{"taxonomy":"product_brand","embeddable":true,"href":"https:\/\/maabmakeup.com\/inicio-2\/wp-json\/wp\/v2\/product_brand?post=6398"},{"taxonomy":"product_cat","embeddable":true,"href":"https:\/\/maabmakeup.com\/inicio-2\/wp-json\/wp\/v2\/product_cat?post=6398"},{"taxonomy":"product_tag","embeddable":true,"href":"https:\/\/maabmakeup.com\/inicio-2\/wp-json\/wp\/v2\/product_tag?post=6398"}],"curies":[{"name":"wp","href":"https:\/\/api.w.org\/{rel}","templated":true}]}}