{"id":6436,"date":"2025-04-10T17:18:08","date_gmt":"2025-04-10T15:18:08","guid":{"rendered":"https:\/\/maabmakeup.es\/?post_type=product&#038;p=6436"},"modified":"2025-08-11T10:22:31","modified_gmt":"2025-08-11T08:22:31","slug":"hypo-iluminador-liquido-hipoalergenico-liquid-glow","status":"publish","type":"product","link":"https:\/\/maabmakeup.com\/inicio-2\/tienda\/maquillaje\/hypo-iluminador-liquido-hipoalergenico-liquid-glow\/","title":{"rendered":"HYPO Iluminador l\u00edquido hipoalerg\u00e9nico Liquid Glow"},"content":{"rendered":"<p>El iluminador l\u00edquido para rostro y cuerpo proporciona un bonito acabado brillante y h\u00famedo al maquillaje.<\/p>\n<p>Su f\u00f3rmula vegana contiene pigmentos met\u00e1licos y part\u00edculas brillantes<\/p>\n<p>Su textura ligera y agradable de aplicar se absorbe r\u00e1pidamente, dejando un precioso efecto luminoso de larga duraci\u00f3n cuando se seca, lo que resulta ideal para el contorneado h\u00famedo del rostro y aporta luminosidad a la tez, alis\u00e1ndola visualmente. Su f\u00f3rmula hipoalerg\u00e9nica e hidratante deja la piel radiante todos los d\u00edas. El producto est\u00e1 disponible en 1 color SPARKLING LOTUS.<\/p>\n<p>Producto apto para veganos, certificado por PETA.<br \/>\nContiene un 91% de ingredientes de origen natural.<\/p>\n<p>Apto para pieles sensibles con tendencia a la irritaci\u00f3n.<br \/>\nTestado bajo supervisi\u00f3n dermatol\u00f3gica.<\/p>\n<p>Modo de empleo: agitar antes de usar y aplicar directamente sobre las zonas que se deseen iluminar, como el escote, los brazos, las manos y el rostro.<\/p>\n<p>Tip de maquillador: a\u00f1ade unas gotas a tu base de maquillaje o loci\u00f3n corporal favorita para conseguir un sutil efecto radiante.<\/p>\n<p>NATURE REFLECTION<\/p>\n<p>El cuidado de la naturaleza es una tendencia cada vez m\u00e1s notoria tanto en los pa\u00edses europeos como a nivel mundial. Cuidar de la Madre Tierra nunca pasar\u00e1 de moda. Por eso respondemos a este reto creando una l\u00ednea inspirada en la Naturaleza.<\/p>\n<p>Se trata de una colecci\u00f3n atrevida, llena de estructuras diferentes, texturas inusuales y perlas brillantes, basada en f\u00f3rmulas que contienen ingredientes de origen natural. Algunos de los envases est\u00e1n hechos de materiales reciclados (Post Consumer Recycled) o sobrantes (Post Industrial Recycled), lo que permite utilizar menos pl\u00e1stico innecesario y reducir considerablemente los residuos.<\/p>\n","protected":false},"excerpt":{"rendered":"<p>El iluminador l\u00edquido para rostro y cuerpo proporciona un bonito acabado brillante y h\u00famedo al maquillaje. Su f\u00f3rmula vegana contiene<\/p>\n","protected":false},"featured_media":6437,"comment_status":"open","ping_status":"closed","template":"","meta":[],"product_brand":[218],"product_cat":[179],"product_tag":[],"class_list":{"0":"post-6436","1":"product","2":"type-product","3":"status-publish","4":"has-post-thumbnail","6":"product_brand-bell","7":"product_cat-maquillaje","9":"first","10":"instock","11":"purchasable","12":"product-type-simple"},"_links":{"self":[{"href":"https:\/\/maabmakeup.com\/inicio-2\/wp-json\/wp\/v2\/product\/6436","targetHints":{"allow":["GET"]}}],"collection":[{"href":"https:\/\/maabmakeup.com\/inicio-2\/wp-json\/wp\/v2\/product"}],"about":[{"href":"https:\/\/maabmakeup.com\/inicio-2\/wp-json\/wp\/v2\/types\/product"}],"replies":[{"embeddable":true,"href":"https:\/\/maabmakeup.com\/inicio-2\/wp-json\/wp\/v2\/comments?post=6436"}],"wp:featuredmedia":[{"embeddable":true,"href":"https:\/\/maabmakeup.com\/inicio-2\/wp-json\/wp\/v2\/media\/6437"}],"wp:attachment":[{"href":"https:\/\/maabmakeup.com\/inicio-2\/wp-json\/wp\/v2\/media?parent=6436"}],"wp:term":[{"taxonomy":"product_brand","embeddable":true,"href":"https:\/\/maabmakeup.com\/inicio-2\/wp-json\/wp\/v2\/product_brand?post=6436"},{"taxonomy":"product_cat","embeddable":true,"href":"https:\/\/maabmakeup.com\/inicio-2\/wp-json\/wp\/v2\/product_cat?post=6436"},{"taxonomy":"product_tag","embeddable":true,"href":"https:\/\/maabmakeup.com\/inicio-2\/wp-json\/wp\/v2\/product_tag?post=6436"}],"curies":[{"name":"wp","href":"https:\/\/api.w.org\/{rel}","templated":true}]}}