{"id":6440,"date":"2025-04-10T17:25:24","date_gmt":"2025-04-10T15:25:24","guid":{"rendered":"https:\/\/maabmakeup.es\/?post_type=product&#038;p=6440"},"modified":"2025-12-30T13:11:24","modified_gmt":"2025-12-30T12:11:24","slug":"paleta-de-sombras-figtastic","status":"publish","type":"product","link":"https:\/\/maabmakeup.com\/inicio-2\/tienda\/maquillaje\/paleta-de-sombras-figtastic\/","title":{"rendered":"Paleta de sombras Figtastic"},"content":{"rendered":"<p>\u00a1Marca la diferencia con Figtastic! Esta paleta de 14 sombras cuenta con tonos satinados y brillantes inspirados en los tonos bohemios de la primavera. \u00a1Prep\u00e1rate para tu pr\u00f3ximo festival al aire libre con la paleta de Figtastic para llegar desde la ma\u00f1ana hasta la noche!<\/p>\n<p>Modo de uso: Aplicar con un pincel para sombra de ojos o un aplicador de esponja seg\u00fan preferencia. Utilizar un pincel mullido para difuminar la zona de transici\u00f3n de los colores y conseguir un \u00f3ptimo resultado.<\/p>\n","protected":false},"excerpt":{"rendered":"<p>\u00a1Marca la diferencia con Figtastic! Esta paleta de 14 sombras cuenta con tonos satinados y brillantes inspirados en los tonos<\/p>\n","protected":false},"featured_media":6441,"comment_status":"open","ping_status":"closed","template":"","meta":[],"product_brand":[222],"product_cat":[179],"product_tag":[],"class_list":{"0":"post-6440","1":"product","2":"type-product","3":"status-publish","4":"has-post-thumbnail","6":"product_brand-city-color","7":"product_cat-maquillaje","9":"first","10":"outofstock","11":"purchasable","12":"product-type-simple"},"_links":{"self":[{"href":"https:\/\/maabmakeup.com\/inicio-2\/wp-json\/wp\/v2\/product\/6440","targetHints":{"allow":["GET"]}}],"collection":[{"href":"https:\/\/maabmakeup.com\/inicio-2\/wp-json\/wp\/v2\/product"}],"about":[{"href":"https:\/\/maabmakeup.com\/inicio-2\/wp-json\/wp\/v2\/types\/product"}],"replies":[{"embeddable":true,"href":"https:\/\/maabmakeup.com\/inicio-2\/wp-json\/wp\/v2\/comments?post=6440"}],"wp:featuredmedia":[{"embeddable":true,"href":"https:\/\/maabmakeup.com\/inicio-2\/wp-json\/wp\/v2\/media\/6441"}],"wp:attachment":[{"href":"https:\/\/maabmakeup.com\/inicio-2\/wp-json\/wp\/v2\/media?parent=6440"}],"wp:term":[{"taxonomy":"product_brand","embeddable":true,"href":"https:\/\/maabmakeup.com\/inicio-2\/wp-json\/wp\/v2\/product_brand?post=6440"},{"taxonomy":"product_cat","embeddable":true,"href":"https:\/\/maabmakeup.com\/inicio-2\/wp-json\/wp\/v2\/product_cat?post=6440"},{"taxonomy":"product_tag","embeddable":true,"href":"https:\/\/maabmakeup.com\/inicio-2\/wp-json\/wp\/v2\/product_tag?post=6440"}],"curies":[{"name":"wp","href":"https:\/\/api.w.org\/{rel}","templated":true}]}}