{"id":6459,"date":"2025-04-11T09:59:09","date_gmt":"2025-04-11T07:59:09","guid":{"rendered":"https:\/\/maabmakeup.es\/?post_type=product&#038;p=6459"},"modified":"2025-10-23T09:47:48","modified_gmt":"2025-10-23T07:47:48","slug":"vitamina-c-b3-niacinamida-gel-exfoliante-facial","status":"publish","type":"product","link":"https:\/\/maabmakeup.com\/inicio-2\/tienda\/facial\/vitamina-c-b3-niacinamida-gel-exfoliante-facial\/","title":{"rendered":"VITAMINA C.B3 NIACINAMIDA Gel exfoliante facial"},"content":{"rendered":"<p>Gel exfoliante facial activo para todo tipo de pieles, basado en las propiedades exfoliantes de la vitamina C y la vitamina B3.<\/p>\n<p>Este producto combina la potencia de la Vitamina C y la Niacinamida, cuya sinergia ilumina la piel, reduce la apariencia de manchas oscuras, minimiza los poros y mejora la textura general de la piel.<\/p>\n<p>&#8211; Limpia suavemente y exfolia las c\u00e9lulas epid\u00e9rmicas.<br \/>\n&#8211; Suaviza y fortalece el estado de la piel.<br \/>\n&#8211; Unifica el tono de la piel.<br \/>\n&#8211; Aporta luminosidad y un aspecto saludable.<br \/>\n&#8211; No contiene part\u00edculas o micro gr\u00e1nulos, \u00e1cidos frutales, ni encimas.<br \/>\n&#8211; Edad recomendada: a partir de 20 a\u00f1os<\/p>\n<p>Ingredientes principales: niacinamida, vitamina C, vitamina E, prote\u00ednas de arroz hidrolizadas, aceite de camelia japonesa, vitamina B5, B6.<br \/>\nApto a partir de 20 a\u00f1os.<\/p>\n<p>MODO DE EMPLEO:<br \/>\nAplicar sobre la piel limpia del rostro. Masajear suavemente. Dejar actuar 5-10 minutos. Retirar el exceso con un algod\u00f3n o enjuagar suavemente. Utilizar 2-3 veces por semana.<\/p>\n<p>L\u00ednea Vitamina C.B3 Niacinamida: Una selecci\u00f3n de 8 cosm\u00e9ticos veganos para el cuidado del rostro y el cuerpo dise\u00f1ados con la tendencia flash effect, es decir, una revitalizaci\u00f3n intensiva de la piel basada en rituales cortos y sin m\u00faltiples etapas que pueden realizarse por la ma\u00f1ana despu\u00e9s de despertarse y antes de acostarse como parte de la regeneraci\u00f3n nocturna de la piel.<\/p>\n","protected":false},"excerpt":{"rendered":"<p>Gel exfoliante facial activo para todo tipo de pieles, basado en las propiedades exfoliantes de la vitamina C y la<\/p>\n","protected":false},"featured_media":6460,"comment_status":"open","ping_status":"closed","template":"","meta":[],"product_brand":[217],"product_cat":[184],"product_tag":[],"class_list":{"0":"post-6459","1":"product","2":"type-product","3":"status-publish","4":"has-post-thumbnail","6":"product_brand-ziaja","7":"product_cat-facial","9":"first","10":"instock","11":"purchasable","12":"product-type-simple"},"_links":{"self":[{"href":"https:\/\/maabmakeup.com\/inicio-2\/wp-json\/wp\/v2\/product\/6459","targetHints":{"allow":["GET"]}}],"collection":[{"href":"https:\/\/maabmakeup.com\/inicio-2\/wp-json\/wp\/v2\/product"}],"about":[{"href":"https:\/\/maabmakeup.com\/inicio-2\/wp-json\/wp\/v2\/types\/product"}],"replies":[{"embeddable":true,"href":"https:\/\/maabmakeup.com\/inicio-2\/wp-json\/wp\/v2\/comments?post=6459"}],"wp:featuredmedia":[{"embeddable":true,"href":"https:\/\/maabmakeup.com\/inicio-2\/wp-json\/wp\/v2\/media\/6460"}],"wp:attachment":[{"href":"https:\/\/maabmakeup.com\/inicio-2\/wp-json\/wp\/v2\/media?parent=6459"}],"wp:term":[{"taxonomy":"product_brand","embeddable":true,"href":"https:\/\/maabmakeup.com\/inicio-2\/wp-json\/wp\/v2\/product_brand?post=6459"},{"taxonomy":"product_cat","embeddable":true,"href":"https:\/\/maabmakeup.com\/inicio-2\/wp-json\/wp\/v2\/product_cat?post=6459"},{"taxonomy":"product_tag","embeddable":true,"href":"https:\/\/maabmakeup.com\/inicio-2\/wp-json\/wp\/v2\/product_tag?post=6459"}],"curies":[{"name":"wp","href":"https:\/\/api.w.org\/{rel}","templated":true}]}}