{"id":6476,"date":"2025-04-11T11:44:30","date_gmt":"2025-04-11T09:44:30","guid":{"rendered":"https:\/\/maabmakeup.es\/?post_type=product&#038;p=6476"},"modified":"2025-08-11T10:07:58","modified_gmt":"2025-08-11T08:07:58","slug":"manteca-de-cacao-mascarilla-capilar-suavizante","status":"publish","type":"product","link":"https:\/\/maabmakeup.com\/inicio-2\/tienda\/cabello\/manteca-de-cacao-mascarilla-capilar-suavizante\/","title":{"rendered":"MANTECA DE CACAO Mascarilla capilar suavizante"},"content":{"rendered":"<p>Mascarilla alisadora con manteca de cacao para el cabello da\u00f1ado, fr\u00e1gil, te\u00f1ido, seco o cabello de porosidad media o alta.<\/p>\n<p>Alisa perfectamente la estructura da\u00f1ada del cabello y regenera en profundidad sin acabado apelmazado. Adem\u00e1s, previene la fragilidad y las puntas abiertas proporcionando un aspecto cuidado y sano.<br \/>\nEspecialmente indicado para el uso diario para cabellos secos o da\u00f1ados.<\/p>\n<p>Contiene emolientes o l\u00edpidos con propiedades nutritivas que crean una capa protectora en la superficie del cabello contrarrestando los efectos negativos del calor, la radiaci\u00f3n y los da\u00f1os mec\u00e1nicos. Adem\u00e1s, protegen contra la p\u00e9rdida de humedad y ayudan a cerrar las cut\u00edculas del cabello.<\/p>\n<p>Ingredientes activos: manteca de cacao, provitamina B5 (d-panthenol)<\/p>\n<p>Producto vegano.<\/p>\n","protected":false},"excerpt":{"rendered":"<p>Mascarilla alisadora con manteca de cacao para el cabello da\u00f1ado, fr\u00e1gil, te\u00f1ido, seco o cabello de porosidad media o alta.<\/p>\n","protected":false},"featured_media":6477,"comment_status":"open","ping_status":"closed","template":"","meta":[],"product_brand":[217],"product_cat":[183],"product_tag":[],"class_list":{"0":"post-6476","1":"product","2":"type-product","3":"status-publish","4":"has-post-thumbnail","6":"product_brand-ziaja","7":"product_cat-cabello","9":"first","10":"instock","11":"purchasable","12":"product-type-simple"},"_links":{"self":[{"href":"https:\/\/maabmakeup.com\/inicio-2\/wp-json\/wp\/v2\/product\/6476","targetHints":{"allow":["GET"]}}],"collection":[{"href":"https:\/\/maabmakeup.com\/inicio-2\/wp-json\/wp\/v2\/product"}],"about":[{"href":"https:\/\/maabmakeup.com\/inicio-2\/wp-json\/wp\/v2\/types\/product"}],"replies":[{"embeddable":true,"href":"https:\/\/maabmakeup.com\/inicio-2\/wp-json\/wp\/v2\/comments?post=6476"}],"wp:featuredmedia":[{"embeddable":true,"href":"https:\/\/maabmakeup.com\/inicio-2\/wp-json\/wp\/v2\/media\/6477"}],"wp:attachment":[{"href":"https:\/\/maabmakeup.com\/inicio-2\/wp-json\/wp\/v2\/media?parent=6476"}],"wp:term":[{"taxonomy":"product_brand","embeddable":true,"href":"https:\/\/maabmakeup.com\/inicio-2\/wp-json\/wp\/v2\/product_brand?post=6476"},{"taxonomy":"product_cat","embeddable":true,"href":"https:\/\/maabmakeup.com\/inicio-2\/wp-json\/wp\/v2\/product_cat?post=6476"},{"taxonomy":"product_tag","embeddable":true,"href":"https:\/\/maabmakeup.com\/inicio-2\/wp-json\/wp\/v2\/product_tag?post=6476"}],"curies":[{"name":"wp","href":"https:\/\/api.w.org\/{rel}","templated":true}]}}