{"id":7106,"date":"2025-07-31T11:31:49","date_gmt":"2025-07-31T09:31:49","guid":{"rendered":"https:\/\/maabmakeup.es\/?post_type=product&#038;p=7106"},"modified":"2025-11-18T10:19:02","modified_gmt":"2025-11-18T09:19:02","slug":"curso-online-de-manicura-rusa","status":"publish","type":"product","link":"https:\/\/maabmakeup.com\/inicio-2\/tienda\/cursos\/curso-online-de-manicura-rusa\/","title":{"rendered":"CURSO ONLINE DE MANICURA RUSA"},"content":{"rendered":"<p>Convi\u00e9rtete en una experta en una de las t\u00e9cnicas m\u00e1s solicitadas del mundo de la est\u00e9tica: la MANICURA RUSA.<br \/>\nEste curso est\u00e1 dise\u00f1ado para principiantes y profesionales que deseen perfeccionar su t\u00e9cnica, mejorar sus resultados y ofrecer un servicio m\u00e1s limpio, duradero y est\u00e9tico.<\/p>\n<p>\u00bfQU\u00c9 APRENDER\u00c1S?<\/p>\n<p>-FUNDAMENTOS DE LA MANICURA RUSA.<br \/>\n-USO CORRECTO DEL TORNO Y TIPOS DE FRESAS.<br \/>\n-PREPARECI\u00d3N ADECUADA DE LA U\u00d1A NATURAL.<br \/>\n-T\u00c9CNICA DE LA LIMPIEZA PROFUNDA DE LA CUT\u00cdCULA.<br \/>\n-APLICACI\u00d3N PERFECTA TANTO EN LA BASE COMO EN EL ESMALTADO.<br \/>\n-SEGURUDAD E HIGIENE EN EL TRABAJO.<br \/>\n-ERRORES COMUNES Y C\u00d3MO EVITARLOS.<br \/>\n-CONSEJOS PARA TRABAJAR DE FORMA M\u00c1S R\u00c1PIDA Y PRECISA.<\/p>\n<p>\u00bfQU\u00c9 INCLUYE EL CURSO?<\/p>\n<p>-ACCESO ILIMITADO 24\/7.<br \/>\n-CLASES EN VIDEOS PASO A PASO.<br \/>\n-SOPORTE Y RESOLUCI\u00d3N DE DUDAS.<br \/>\n-CERTIFICADO DE FINALIZACI\u00d3N.<\/p>\n<p>\u00bfQuieres recibir en tu direcci\u00f3n todos los productos necesarios? Tambi\u00e9n tienes un kit disponible en el que viene incluido:<\/p>\n<p>-PRIMER<br \/>\n-DESHIDRATADOR<br \/>\n-LIMA<br \/>\n-FINALIZADOR<br \/>\n-BASE RIGIDA<br \/>\n-BASE FLEXIBLE<br \/>\n-ESMALTE<br \/>\n-PINCEL FINO<br \/>\n-FRESAS<br \/>\n-LAMPARA LED (OPCIONAL) 52 SIN EL DESCUENTO APLICADO.<\/p>\n<p>Precio del kit:<br \/>\n\u2013 con recogida en tienda: 73,50\u20ac (descuento del 15%) Precio FINAL: 62,40\u20ac<br \/>\n\u2013 Con env\u00edo a pen\u00ednsula: 73,50\u20ac SIN GASTOS DE ENV\u00cdO NI IMPUESTO<\/p>\n","protected":false},"excerpt":{"rendered":"<p>Convi\u00e9rtete en una experta en una de las t\u00e9cnicas m\u00e1s solicitadas del mundo de la est\u00e9tica: la MANICURA RUSA. Este<\/p>\n","protected":false},"featured_media":7651,"comment_status":"open","ping_status":"closed","template":"","meta":[],"product_brand":[],"product_cat":[138],"product_tag":[],"class_list":{"0":"post-7106","1":"product","2":"type-product","3":"status-publish","4":"has-post-thumbnail","6":"product_cat-cursos","8":"first","9":"instock","10":"purchasable","11":"product-type-simple"},"_links":{"self":[{"href":"https:\/\/maabmakeup.com\/inicio-2\/wp-json\/wp\/v2\/product\/7106","targetHints":{"allow":["GET"]}}],"collection":[{"href":"https:\/\/maabmakeup.com\/inicio-2\/wp-json\/wp\/v2\/product"}],"about":[{"href":"https:\/\/maabmakeup.com\/inicio-2\/wp-json\/wp\/v2\/types\/product"}],"replies":[{"embeddable":true,"href":"https:\/\/maabmakeup.com\/inicio-2\/wp-json\/wp\/v2\/comments?post=7106"}],"wp:featuredmedia":[{"embeddable":true,"href":"https:\/\/maabmakeup.com\/inicio-2\/wp-json\/wp\/v2\/media\/7651"}],"wp:attachment":[{"href":"https:\/\/maabmakeup.com\/inicio-2\/wp-json\/wp\/v2\/media?parent=7106"}],"wp:term":[{"taxonomy":"product_brand","embeddable":true,"href":"https:\/\/maabmakeup.com\/inicio-2\/wp-json\/wp\/v2\/product_brand?post=7106"},{"taxonomy":"product_cat","embeddable":true,"href":"https:\/\/maabmakeup.com\/inicio-2\/wp-json\/wp\/v2\/product_cat?post=7106"},{"taxonomy":"product_tag","embeddable":true,"href":"https:\/\/maabmakeup.com\/inicio-2\/wp-json\/wp\/v2\/product_tag?post=7106"}],"curies":[{"name":"wp","href":"https:\/\/api.w.org\/{rel}","templated":true}]}}