{"id":7310,"date":"2025-10-21T18:52:11","date_gmt":"2025-10-21T16:52:11","guid":{"rendered":"https:\/\/maabmakeup.com\/inicio-2\/?post_type=product&#038;p=7310"},"modified":"2025-10-23T18:20:02","modified_gmt":"2025-10-23T16:20:02","slug":"joia-vegan-base-coat-magic-cat-01-shades-of-gray-8ml","status":"publish","type":"product","link":"https:\/\/maabmakeup.com\/inicio-2\/tienda\/esmaltes\/joia-vegan-base-coat-magic-cat-01-shades-of-gray-8ml\/","title":{"rendered":"JOIA vegan Base Coat &#8211; Magic Cat &#8211; 01 Shades of Gray &#8211; 8ml"},"content":{"rendered":"<p>La colecci\u00f3n Magic Cat de JOIA vegan est\u00e1 formada por bases altamente pigmentadas con efecto de ojo de gato en dos tonos: el principal en un matiz cremoso y un brillo plateado que se crea con un leve movimiento del im\u00e1n. El resultado es un resplandor hologr\u00e1fico brillante con un destello plateado por su gran cantidad de part\u00edculas met\u00e1licas.<\/p>\n<p>El Camouflage Magic Cat &#8211; 01 Shades of gray es un tono de base gris con destellos plateados que recuerda a una suave neblina matutina. Te invita a dar unos pasos hacia lo desconocido para sentir el encanto misterioso de ese momento. Al elegir el color Shades of Gray, no lo olvidar\u00e1s, ya que es un t\u00e1ndem sumamente exitoso entre la discreci\u00f3n y el impacto.<\/p>\n<p>Ventajas:<br \/>\n&#8211; Tonos atemporales.<br \/>\n&#8211; Excelente elasticidad y plasticidad del producto.<br \/>\n&#8211; Consistencia media y propiedades autonivelantes.<br \/>\n&#8211; Alta pigmentaci\u00f3n.<br \/>\n&#8211; Saturado con una gran cantidad de part\u00edculas met\u00e1licas plateadas, lo que crea un efecto de reflejo.<br \/>\n&#8211; Pincel adecuado para una cobertura perfecta.<br \/>\n&#8211; Efecto \u00abojo de gato\u00bb.<br \/>\n&#8211; Fuerte adherencia: adhesi\u00f3n extra fuerte a cualquier tipo de l\u00e1mina ungueal y a la siguiente capa de esmalte semipermanentel.<br \/>\n&#8211; Polimerizaci\u00f3n r\u00e1pida, no quema en la l\u00e1mpara.<br \/>\n&#8211; No da\u00f1a la l\u00e1mina ungueal.<br \/>\n&#8211; F\u00f3rmula segura 9 FREE.<br \/>\n&#8211; Composici\u00f3n ecol\u00f3gica.<br \/>\n&#8211; Producto vegano.<br \/>\n&#8211; Larga duraci\u00f3n sin astillarse, despegarse ni agrietarse, conservando el brillo y el color.<\/p>\n<p>M\u00e9todo de empleo:<br \/>\n1. Prepara la l\u00e1mina ungueal y aplica los l\u00edquidos auxiliares: Nail Dryer JOIA vegan y Nail Primer JOIA vegan.<br \/>\n2. Aplica una capa muy fina de Base Latex de JOIA vegan. Polimeriza en l\u00e1mpara UV\/LED durante 60 segundos.<br \/>\n3. Extiende una capa fina y uniforme de Base Coat &#8211; Camouflage Magic Cat.<br \/>\n4. Usa un im\u00e1n magn\u00e9tico para Cat Eye para crear el efecto \u00abojo de gato\u00bb. Polimeriza durante 60 segundos en l\u00e1mpara LED o 120 segundos en l\u00e1mpara UV.<br \/>\n5. Aplica el Top Coat &#8211; Aqua Gloss de JOIA vegan como capa final.<\/p>\n<p>El producto se presenta en un volumen de 8 ml.<\/p>\n<p>JOIA vegan es la primera marca vegana de esmaltes semipermanentes. JOIA vegan naci\u00f3 con la filosof\u00eda del veganismo y respeto por el medio ambiente, para ayudar a hacer del mundo un lugar mejor. \u00a1La combinaci\u00f3n perfecta entre innovaci\u00f3n, belleza y una filosof\u00eda eco-friendly!<\/p>\n<p>Productos relacionados<\/p>\n","protected":false},"excerpt":{"rendered":"<p>La colecci\u00f3n Magic Cat de JOIA vegan est\u00e1 formada por bases altamente pigmentadas con efecto de ojo de gato en<\/p>\n","protected":false},"featured_media":7311,"comment_status":"open","ping_status":"closed","template":"","meta":[],"product_brand":[207],"product_cat":[123],"product_tag":[],"class_list":{"0":"post-7310","1":"product","2":"type-product","3":"status-publish","4":"has-post-thumbnail","6":"product_brand-joia","7":"product_cat-esmaltes","9":"first","10":"instock","11":"taxable","12":"shipping-taxable","13":"purchasable","14":"product-type-simple"},"_links":{"self":[{"href":"https:\/\/maabmakeup.com\/inicio-2\/wp-json\/wp\/v2\/product\/7310","targetHints":{"allow":["GET"]}}],"collection":[{"href":"https:\/\/maabmakeup.com\/inicio-2\/wp-json\/wp\/v2\/product"}],"about":[{"href":"https:\/\/maabmakeup.com\/inicio-2\/wp-json\/wp\/v2\/types\/product"}],"replies":[{"embeddable":true,"href":"https:\/\/maabmakeup.com\/inicio-2\/wp-json\/wp\/v2\/comments?post=7310"}],"wp:featuredmedia":[{"embeddable":true,"href":"https:\/\/maabmakeup.com\/inicio-2\/wp-json\/wp\/v2\/media\/7311"}],"wp:attachment":[{"href":"https:\/\/maabmakeup.com\/inicio-2\/wp-json\/wp\/v2\/media?parent=7310"}],"wp:term":[{"taxonomy":"product_brand","embeddable":true,"href":"https:\/\/maabmakeup.com\/inicio-2\/wp-json\/wp\/v2\/product_brand?post=7310"},{"taxonomy":"product_cat","embeddable":true,"href":"https:\/\/maabmakeup.com\/inicio-2\/wp-json\/wp\/v2\/product_cat?post=7310"},{"taxonomy":"product_tag","embeddable":true,"href":"https:\/\/maabmakeup.com\/inicio-2\/wp-json\/wp\/v2\/product_tag?post=7310"}],"curies":[{"name":"wp","href":"https:\/\/api.w.org\/{rel}","templated":true}]}}