{"id":7385,"date":"2025-10-22T18:48:36","date_gmt":"2025-10-22T16:48:36","guid":{"rendered":"https:\/\/maabmakeup.com\/inicio-2\/?post_type=product&#038;p=7385"},"modified":"2026-01-27T15:38:50","modified_gmt":"2026-01-27T14:38:50","slug":"joia-vegan-set-easy-start-kit","status":"publish","type":"product","link":"https:\/\/maabmakeup.com\/inicio-2\/tienda\/accesorios\/joia-vegan-set-easy-start-kit\/","title":{"rendered":"JOIA vegan Set Easy Start Kit"},"content":{"rendered":"<p>Easy Start Kit es un set de iniciaci\u00f3n para crear una manicura profesional, de alta calidad y duradera. \u00a1Este set ser\u00e1 una aut\u00e9ntica varita m\u00e1gica, porque crear un acabado perfecto nunca ha sido tan f\u00e1cil!<\/p>\n<p>El Easy Start Kit contiene todo lo que necesitas para garantizar un resultado profesional, desde l\u00edquidos auxiliares para la preparaci\u00f3n de u\u00f1as hasta mini l\u00e1mparas UV\/LED y quitaesmalte.<\/p>\n<p>Contiene:<\/p>\n<p>&#8211; JOIA vegan Mini L\u00e1mpara UV\/LED, una mini l\u00e1mpara port\u00e1til con una potencia de 6W con cable USB.<br \/>\n&#8211; JOIA vegan Primer sin \u00e1cido para u\u00f1as, 8 ml.<br \/>\n&#8211; JOIA vegan Deshidratador de u\u00f1as Nail Dryer- 8ml<br \/>\n&#8211; JOIA vegan Base para esmalte semipermanente &#8211; Latex Base &#8211; 8ml<br \/>\n&#8211; JOIA vegan Esmalte semipermanente &#8211; 005 &#8211; 6ml<br \/>\n&#8211; JOIA vegan Top Coat &#8211; Aqua Gloss Top &#8211; 8ml<br \/>\n&#8211; JOIA vegan Aceite seco para u\u00f1as y cut\u00edculas con oro 24K Brut Oil &#8211; 8ml<br \/>\n&#8211; JOIA vegan Quitaesmalte Bye-Bye Gel, 150 ml<\/p>\n<p>Crear una manicura elegante y de alta calidad es f\u00e1cil, \u00a1junto con el Easy Start Kit JOIA vegan!<\/p>\n<p>JOIA vegan es la primera marca vegana de esmaltes semipermanentes. JOIA vegan naci\u00f3 con la filosof\u00eda del veganismo y respeto por el medio ambiente, para ayudar a hacer del mundo un lugar mejor. \u00a1La combinaci\u00f3n perfecta entre innovaci\u00f3n, belleza y una filosof\u00eda eco-friendly!<\/p>\n<p>Productos relacionados<\/p>\n","protected":false},"excerpt":{"rendered":"<p>Easy Start Kit es un set de iniciaci\u00f3n para crear una manicura profesional, de alta calidad y duradera. \u00a1Este set<\/p>\n","protected":false},"featured_media":7386,"comment_status":"open","ping_status":"closed","template":"","meta":[],"product_brand":[207],"product_cat":[107],"product_tag":[],"class_list":{"0":"post-7385","1":"product","2":"type-product","3":"status-publish","4":"has-post-thumbnail","6":"product_brand-joia","7":"product_cat-accesorios","9":"first","10":"instock","11":"purchasable","12":"product-type-simple"},"_links":{"self":[{"href":"https:\/\/maabmakeup.com\/inicio-2\/wp-json\/wp\/v2\/product\/7385","targetHints":{"allow":["GET"]}}],"collection":[{"href":"https:\/\/maabmakeup.com\/inicio-2\/wp-json\/wp\/v2\/product"}],"about":[{"href":"https:\/\/maabmakeup.com\/inicio-2\/wp-json\/wp\/v2\/types\/product"}],"replies":[{"embeddable":true,"href":"https:\/\/maabmakeup.com\/inicio-2\/wp-json\/wp\/v2\/comments?post=7385"}],"wp:featuredmedia":[{"embeddable":true,"href":"https:\/\/maabmakeup.com\/inicio-2\/wp-json\/wp\/v2\/media\/7386"}],"wp:attachment":[{"href":"https:\/\/maabmakeup.com\/inicio-2\/wp-json\/wp\/v2\/media?parent=7385"}],"wp:term":[{"taxonomy":"product_brand","embeddable":true,"href":"https:\/\/maabmakeup.com\/inicio-2\/wp-json\/wp\/v2\/product_brand?post=7385"},{"taxonomy":"product_cat","embeddable":true,"href":"https:\/\/maabmakeup.com\/inicio-2\/wp-json\/wp\/v2\/product_cat?post=7385"},{"taxonomy":"product_tag","embeddable":true,"href":"https:\/\/maabmakeup.com\/inicio-2\/wp-json\/wp\/v2\/product_tag?post=7385"}],"curies":[{"name":"wp","href":"https:\/\/api.w.org\/{rel}","templated":true}]}}