{"id":7410,"date":"2025-10-23T10:11:47","date_gmt":"2025-10-23T08:11:47","guid":{"rendered":"https:\/\/maabmakeup.com\/inicio-2\/?post_type=product&#038;p=7410"},"modified":"2025-10-23T10:11:47","modified_gmt":"2025-10-23T08:11:47","slug":"mascarillas-acidos-mascarilla-y-exfoliante-facial-con-acido-elagico","status":"publish","type":"product","link":"https:\/\/maabmakeup.com\/inicio-2\/tienda\/facial\/mascarillas-acidos-mascarilla-y-exfoliante-facial-con-acido-elagico\/","title":{"rendered":"MASCARILLAS \u00c1CIDOS Mascarilla y exfoliante facial con \u00e1cido el\u00e1gico"},"content":{"rendered":"<p>Mascarilla y exfoliante facial con \u00e1cido el\u00e1gico.<\/p>\n<p>Calma, alisa y fortalece la piel. Contiene \u00e1cido el\u00e1gico (EA) y celulosa fina exfoliante, \u00e1cidos grasos, ceramidas y fitoesfingosina.<\/p>\n<p>Los ingredientes nutricionales de la f\u00f3rmula potencian el efecto activo de la mascarilla.<br \/>\nCombina las propiedades de un exfoliante suave y de una mascarilla hidratante.<\/p>\n<p>De textura espesa y cremosa y con una fragancia sutil, es apta para uso diario.<\/p>\n<p>Est\u00e1 recomendada para pieles secas, deshidratadas, maduras y con arrugas. Edad: +20<\/p>\n<p>Contiene: \u00e1cido el\u00e1gico, en una concentraci\u00f3n del 1%, y celulosa fina exfoliante.<\/p>\n<p>Acci\u00f3n:<br \/>\n&#8211; los ingredientes nutricionales de la f\u00f3rmula potencian el efecto activo de la mascarilla<br \/>\n&#8211; combina las propiedades de un exfoliante suave y mascarilla<br \/>\n&#8211; alivia las irritaciones<br \/>\n&#8211; suaviza y acondiciona la piel<\/p>\n<p>Modo de empleo:<br \/>\nAplicar la mascarilla sobre el rostro limpio, evitando la zona de los ojos y la boca. Dejar actuar unos 5 minutos.<br \/>\nMasajear suavemente la piel y enjuagar el producto con abundante agua. Puede utilizarse a diario.<\/p>\n<p>INCI: Aqua (Water), Octyldodecanol, Glycerin, Cetearyl Ethylhexanoate, Glyceryl Stearate, PEG-100 Stearate, Canola Oil, C18-50 Isoalkane, Stearyl Alcohol, Hydrogenated Coco-Glycerides, Kaolin, Myristyl Myristate, Anogeissus Leiocarpa Bark Extract, Propanediol, Ceramide NP (3), Ceramide AP (6II), Ceramide EOP (1), Phytosphingosine, Cholesterol, Sodium Lauroyl Lactylate, Carbomer, Xanthan Gum, Hydrated Silica, Hydroxyethyl Acrylate\/Sodium Acryloyldimethyl Taurate Copolymer, Microcrystalline Cellulose, Cellulose, CI 77492, Cetyl Hydroxyethylcellulose, Synthetic Wax, Cocos Nucifera (Coconut) Oil, Lecithin, Disodium EDTA, CI 74160, Phenoxyethanol, Hydroxyacetophenone, Parfum (Fragrance), Geraniol, CI 42090 (Blue 1 Lake), CI 16035 (Red 40 Lake), CI 15985 (Yellow 6 Lake).<\/p>\n","protected":false},"excerpt":{"rendered":"<p>Mascarilla y exfoliante facial con \u00e1cido el\u00e1gico. Calma, alisa y fortalece la piel. Contiene \u00e1cido el\u00e1gico (EA) y celulosa fina<\/p>\n","protected":false},"featured_media":7411,"comment_status":"open","ping_status":"closed","template":"","meta":[],"product_brand":[217],"product_cat":[184],"product_tag":[],"class_list":{"0":"post-7410","1":"product","2":"type-product","3":"status-publish","4":"has-post-thumbnail","6":"product_brand-ziaja","7":"product_cat-facial","9":"first","10":"instock","11":"purchasable","12":"product-type-simple"},"_links":{"self":[{"href":"https:\/\/maabmakeup.com\/inicio-2\/wp-json\/wp\/v2\/product\/7410","targetHints":{"allow":["GET"]}}],"collection":[{"href":"https:\/\/maabmakeup.com\/inicio-2\/wp-json\/wp\/v2\/product"}],"about":[{"href":"https:\/\/maabmakeup.com\/inicio-2\/wp-json\/wp\/v2\/types\/product"}],"replies":[{"embeddable":true,"href":"https:\/\/maabmakeup.com\/inicio-2\/wp-json\/wp\/v2\/comments?post=7410"}],"wp:featuredmedia":[{"embeddable":true,"href":"https:\/\/maabmakeup.com\/inicio-2\/wp-json\/wp\/v2\/media\/7411"}],"wp:attachment":[{"href":"https:\/\/maabmakeup.com\/inicio-2\/wp-json\/wp\/v2\/media?parent=7410"}],"wp:term":[{"taxonomy":"product_brand","embeddable":true,"href":"https:\/\/maabmakeup.com\/inicio-2\/wp-json\/wp\/v2\/product_brand?post=7410"},{"taxonomy":"product_cat","embeddable":true,"href":"https:\/\/maabmakeup.com\/inicio-2\/wp-json\/wp\/v2\/product_cat?post=7410"},{"taxonomy":"product_tag","embeddable":true,"href":"https:\/\/maabmakeup.com\/inicio-2\/wp-json\/wp\/v2\/product_tag?post=7410"}],"curies":[{"name":"wp","href":"https:\/\/api.w.org\/{rel}","templated":true}]}}