{"id":7948,"date":"2026-02-26T09:42:42","date_gmt":"2026-02-26T08:42:42","guid":{"rendered":"https:\/\/maabmakeup.com\/inicio-2\/?post_type=product&#038;p=7948"},"modified":"2026-02-26T09:42:42","modified_gmt":"2026-02-26T08:42:42","slug":"joia-vegan-esmalte-semipermanente-006-6ml","status":"publish","type":"product","link":"https:\/\/maabmakeup.com\/inicio-2\/tienda\/esmaltes\/joia-vegan-esmalte-semipermanente-006-6ml\/","title":{"rendered":"JOIA vegan Esmalte semipermanente &#8211; 006 &#8211; 6ml"},"content":{"rendered":"<p>El esmalte 006 de JOIA vegan es un aut\u00e9ntico nude que resaltar\u00e1 la belleza natural de tus u\u00f1as. \u00a1Es tendencia este a\u00f1o!<\/p>\n<p>Un tono melocot\u00f3n claro que aportar\u00e1 un toque de romanticismo y ternura a tu manicura, pero tambi\u00e9n ser\u00e1 una base excelente para un nai look con estilo. \u00bfQuieres algo diferente? Puedes aplicar una primera capa monocrom\u00e1tica y despu\u00e9s darle un toque especial con una decoraci\u00f3n metalizada, que aporte destellos y creen algo brillante. Otra opci\u00f3n igual de bonita es un disse\u00f1o abstracto o bien con motivos geom\u00e9tricos. \u00a1Siempre es una buena opci\u00f3n!<\/p>\n<p>&#8211; Esmalte semipermanente autonivelante.<br \/>\n&#8211; En su aplicaci\u00f3n, la f\u00f3rmula no forma grumos.<br \/>\n&#8211; Aplicaci\u00f3n m\u00e1s c\u00f3moda gracias a su pincel de alta calidad.<br \/>\n&#8211; El esmalte queda perfecto con una sola capa.<br \/>\n&#8211; No deja rayas al aplicar.<br \/>\n&#8211; Incre\u00edble durabilidad, densidad, brillo y saturaci\u00f3n del color<\/p>\n<p>Tiempo de curado:<br \/>\nL\u00e1mpara UV LED 48W: 60 segundos<\/p>\n","protected":false},"excerpt":{"rendered":"<p>El esmalte 006 de JOIA vegan es un aut\u00e9ntico nude que resaltar\u00e1 la belleza natural de tus u\u00f1as. \u00a1Es tendencia<\/p>\n","protected":false},"featured_media":7949,"comment_status":"open","ping_status":"closed","template":"","meta":[],"product_brand":[207],"product_cat":[123],"product_tag":[],"class_list":{"0":"post-7948","1":"product","2":"type-product","3":"status-publish","4":"has-post-thumbnail","6":"product_brand-joia","7":"product_cat-esmaltes","9":"first","10":"instock","11":"purchasable","12":"product-type-simple"},"_links":{"self":[{"href":"https:\/\/maabmakeup.com\/inicio-2\/wp-json\/wp\/v2\/product\/7948","targetHints":{"allow":["GET"]}}],"collection":[{"href":"https:\/\/maabmakeup.com\/inicio-2\/wp-json\/wp\/v2\/product"}],"about":[{"href":"https:\/\/maabmakeup.com\/inicio-2\/wp-json\/wp\/v2\/types\/product"}],"replies":[{"embeddable":true,"href":"https:\/\/maabmakeup.com\/inicio-2\/wp-json\/wp\/v2\/comments?post=7948"}],"wp:featuredmedia":[{"embeddable":true,"href":"https:\/\/maabmakeup.com\/inicio-2\/wp-json\/wp\/v2\/media\/7949"}],"wp:attachment":[{"href":"https:\/\/maabmakeup.com\/inicio-2\/wp-json\/wp\/v2\/media?parent=7948"}],"wp:term":[{"taxonomy":"product_brand","embeddable":true,"href":"https:\/\/maabmakeup.com\/inicio-2\/wp-json\/wp\/v2\/product_brand?post=7948"},{"taxonomy":"product_cat","embeddable":true,"href":"https:\/\/maabmakeup.com\/inicio-2\/wp-json\/wp\/v2\/product_cat?post=7948"},{"taxonomy":"product_tag","embeddable":true,"href":"https:\/\/maabmakeup.com\/inicio-2\/wp-json\/wp\/v2\/product_tag?post=7948"}],"curies":[{"name":"wp","href":"https:\/\/api.w.org\/{rel}","templated":true}]}}